MONTHLY CLIMATOLOGICAL SUMMARY for SEP. 2017

NAME: Meteo Ariccia .it   CITY: Ariccia   STATE: RM 
ELEV:   500 m  LAT:  41° 43' 16" N  LONG:  12° 40' 18" E

                   TEMPERATURE (°C), RAIN  (mm), WIND SPEED (km/hr)

                                      HEAT  COOL        AVG
    MEAN                              DEG   DEG         WIND                 DOM
DAY TEMP  HIGH   TIME   LOW    TIME   DAYS  DAYS  RAIN  SPEED HIGH   TIME    DIR
------------------------------------------------------------------------------------
 1  22.3  25.2   17:00  18.5   14:30   0.0   4.0  10.2   4.8  27.4   14:00   ENE
 2  20.0  23.1   14:30  16.6   23:00   0.2   1.8   6.6   4.3  38.6   17:30   ENE
 3  16.9  21.2   17:30  10.9    1:00   1.9   0.5   4.6   5.3  57.9    0:30   WNW
 4  18.3  23.1   13:30  14.4    7:00   1.4   1.4   0.0   2.9  25.7   15:30   ENE
 5  19.7  24.6   14:30  14.8    6:00   0.9   2.3   0.0   4.2  25.7   15:00   ENE
 6  20.3  24.9   14:30  17.0    7:30   0.2   2.2   0.0   1.6  20.9   14:00   WNW
 7  20.4  24.2   13:30  16.2   23:30   0.2   2.3   0.0   4.0  22.5   13:30   ENE
 8  19.5  23.9   15:30  15.2    6:00   0.7   1.9   0.0   2.6  20.9   16:00   ENE
 9  18.9  23.1   16:30  14.3    7:00   0.9   1.5   0.0   3.7  45.1   23:00   ENE
10  18.8  21.2   16:00  13.8   11:30   0.4   0.9 119.4  10.8  54.7   10:30   ENE
11  16.3  17.5   19:30  14.6    7:30   1.9   0.0  11.4   9.2  41.8    5:00   ENE
12  17.7  22.2   13:00  14.8    3:00   1.2   0.7   0.2   5.0  37.0   17:00   ENE
13  18.0  23.2   15:00  14.6    6:00   1.5   1.2   0.0   2.3  19.3   15:30   ENE
14  18.2  22.7   16:00  14.9    5:00   1.0   0.9   0.0   2.7  16.1   13:30   ENE
15  19.6  23.2   16:00  16.6    6:30   0.3   1.6   0.0   3.5  29.0   21:30   ENE
16  19.9  23.2   15:00  17.6   00:00   0.0   1.7  12.2   9.0  33.8    0:30   ENE
17  17.3  20.2    2:00  14.5   23:30   1.3   0.3   0.0   3.4  27.4    2:00   WNW
18  16.2  20.9   15:30  12.2    7:00   2.6   0.4   0.0   1.8  19.3   14:00   ENE
19  15.6  18.1   15:30  12.1   00:00   2.7   0.0   3.4   5.0  27.4   13:00   ENE
20  13.3  17.7   16:30   8.9    7:30   5.0   0.0   0.0   8.4  46.7   15:30   WNW
21  15.5  19.6   15:00  10.8    7:00   2.9   0.1   0.0   3.5  29.0   15:00   WNW
22  15.9  20.8   15:00  11.1    5:00   2.8   0.4   0.0   2.6  22.5   16:30   ENE
23  16.1  20.3   13:00  12.7    5:30   2.6   0.4   0.0   2.1  20.9   14:00   ENE
24  16.2  20.2   16:00  11.7    7:30   2.4   0.3   0.0   2.6  20.9   13:00   ENE
25  16.7  20.2   16:30  14.2    5:30   1.8   0.3   0.0   5.0  35.4   19:30   WNW
26  16.5  19.5   13:00  12.8    2:30   2.0   0.2   0.0   2.3  16.1   13:00   ENE
27  17.6  21.4   15:30  14.9    4:30   1.3   0.5   0.0   2.6  24.1   16:30   ENE
28  17.8  22.4   14:30  14.0    7:30   1.4   0.9   0.0   2.9  20.9   16:00   ENE
29  17.1  20.8   15:30  13.8   00:00   1.6   0.4   0.0   3.1  17.7    3:30   ENE
30  16.7  21.3   13:30  13.9    0:30   2.0   0.4   0.0   2.4  19.3   15:00   ENE
-------------------------------------------------------------------------------------
    17.8  25.2     1     8.9    20    45.3  29.6 168.0   4.1  57.9     3     ENE

Max >=  32.0:  0
Max <=   0.0:  0
Min <=   0.0:  0
Min <= -18.0:  0
Max Rain: 119.41 ON 10/09/17
Days of Rain: 8 (> .2 mm) 7 (> 2 mm) 1 (> 20 mm)
Heat Base:  18.3  Cool Base:  18.3  Method: Integration

Torna Indietro -> Dati Storici – NOAA Report