MONTHLY CLIMATOLOGICAL SUMMARY for SEP. 2016

NAME: Meteo Ariccia .it   CITY: Ariccia   STATE: RM 
ELEV:   500 m  LAT:  41° 43' 16" N  LONG:  12° 40' 18" E

                   TEMPERATURE (°C), RAIN  (mm), WIND SPEED (km/hr)

                                      HEAT  COOL        AVG
    MEAN                              DEG   DEG         WIND                 DOM
DAY TEMP  HIGH   TIME   LOW    TIME   DAYS  DAYS  RAIN  SPEED HIGH   TIME    DIR
------------------------------------------------------------------------------------
 1  21.9  26.7   17:30  17.7    5:00   0.0   3.6   0.0   2.7  20.9   16:00   ENE
 2  23.4  28.8   15:00  18.9    4:00   0.0   5.2   0.0   3.7  27.4   17:00   ENE
 3  23.9  29.0   14:00  19.6    7:00   0.0   5.6   0.0   3.4  22.5   14:00   ENE
 4  23.7  28.7   14:30  20.2    5:30   0.0   5.4   0.0   3.1  25.7   15:00   WSW
 5  22.0  25.7   15:30  17.6   00:00   0.0   3.7   4.8   2.9  25.7   21:30   ENE
 6  20.8  25.6   15:30  17.4   23:00   0.0   2.6   0.0   6.1  30.6   16:00   NNE
 7  18.8  24.3   13:00  15.8    2:30   0.5   1.0   0.4   2.4  19.3    3:30   ENE
 8  20.7  26.0   14:30  14.6    3:30   0.7   3.1   0.0   3.4  33.8   16:30   ENE
 9  21.8  27.3   15:00  18.0    7:00   0.0   3.6   0.0   2.4  20.9   15:30   ENE
10  20.4  25.4   12:30  17.7   00:00   0.0   2.1   0.2   1.6  22.5   15:30   ENE
11  18.9  25.0   12:00  16.7    4:00   0.7   1.3  16.4   1.9  25.7   15:00   ENE
12  20.1  25.4   15:00  16.3    4:00   0.6   2.4   5.6   2.4  25.7   16:30   ENE
13  21.1  25.3   13:30  16.8    6:30   0.2   3.1   0.0   3.2  20.9   18:00   ENE
14  20.8  25.4   13:30  17.6    5:30   0.1   2.6   0.0   2.1  29.0   16:30   ENE
15  20.6  24.0   16:00  17.7    1:30   0.0   2.2   0.2   3.9  20.9   14:30   ENE
16  19.4  22.2   15:00  16.8   20:30   0.2   1.4  18.2   6.8  51.5   18:30   ENE
17  18.6  22.2   14:00  15.8    7:30   0.5   0.8   2.0   1.4  20.9   16:00   ENE
18  17.1  21.2   15:30  12.9   00:00   1.5   0.3  16.6   2.3  19.3   16:00   ENE
19  16.0  19.9   17:00  11.2    7:00   2.5   0.2   2.8   5.6  32.2   15:00   WNW
20  18.6  23.2   17:00  14.2    7:00   1.2   1.5   0.0   2.7  20.9   16:30   WNW
21  17.7  21.6   13:30  14.9    8:30   1.1   0.5   0.8   2.4  17.7   11:00   ENE
22  18.4  22.6   17:00  15.2   00:00   0.8   1.0   0.0   3.4  20.9    2:30   ENE
23  17.8  21.6   16:30  14.2    7:00   1.3   0.8   0.0   1.8  12.9   15:00   ENE
24  17.7  21.8   12:30  14.1    7:30   1.4   0.8   0.0   1.3  14.5   11:30   ENE
25  17.9  21.8   14:00  14.6    6:30   1.2   0.8   0.0   2.9  24.1   16:00   ENE
26  17.3  22.4   14:00  13.1    7:30   1.9   1.0   0.0   2.3  20.9   14:30   ENE
27  17.7  21.5   13:30  14.3    4:00   1.4   0.8   0.0   1.9  22.5   16:00   ENE
28  17.3  21.2   16:30  14.0    7:30   1.6   0.6   0.0   2.7  20.9   17:00   ENE
29  18.1  22.4   16:00  14.3    6:00   1.3   1.0   0.0   2.1  24.1   16:00   WSW
30  17.1  21.4   13:30  13.7    8:00   1.7   0.6   0.2   1.4  19.3   13:30   ENE
-------------------------------------------------------------------------------------
    19.5  29.0     3    11.2    19    22.7  59.5  68.2   2.9  51.5    16     ENE

Max >=  32.0:  0
Max <=   0.0:  0
Min <=   0.0:  0
Min <= -18.0:  0
Max Rain: 18.21 ON 16/09/16
Days of Rain: 12 (> .2 mm) 7 (> 2 mm) 0 (> 20 mm)
Heat Base:  18.3  Cool Base:  18.3  Method: Integration

Torna Indietro -> Dati Storici – NOAA Report