MONTHLY CLIMATOLOGICAL SUMMARY for SEP. 2015

NAME: Meteo Ariccia .it   CITY: Ariccia   STATE: RM 
ELEV:   500 m  LAT:  41° 43' 16" N  LONG:  12° 40' 18" E

                   TEMPERATURE (°C), RAIN  (mm), WIND SPEED (km/hr)

                                      HEAT  COOL        AVG
    MEAN                              DEG   DEG         WIND                 DOM
DAY TEMP  HIGH   TIME   LOW    TIME   DAYS  DAYS  RAIN  SPEED HIGH   TIME    DIR
------------------------------------------------------------------------------------
 1  24.8  29.6   15:00  20.2   00:00   0.0   6.6   0.0   3.1  27.4   15:30   ENE
 2  23.3  28.6   14:00  19.8    0:30   0.0   5.0   0.0   1.9  19.3   12:00   ENE
 3  22.7  27.8   16:30  17.7    7:00   0.0   4.4   0.2   1.9  17.7   14:30   ENE
 4  22.2  26.3   13:00  19.5   15:00   0.0   3.9   9.2   6.6  38.6   15:00   ENE
 5  20.8  23.5   11:30  17.6   22:00   0.0   2.5   6.6   4.5  37.0    5:30   ENE
 6  18.6  22.9   16:00  15.6    4:30   0.8   1.1   0.0   2.7  22.5   12:30   ENE
 7  19.1  24.4   15:00  14.4    7:00   1.0   1.8   0.0   2.7  17.7   15:00   ENE
 8  19.9  23.7   13:30  16.1    7:00   0.3   1.8   0.0   2.4  17.7   16:30   ENE
 9  19.0  22.6   14:00  15.8    7:00   0.5   1.2   0.0   2.1  16.1   23:00   WNW
10  18.6  23.4   17:00  14.4    6:00   1.1   1.4   0.0   2.3  17.7   17:00   ENE
11  18.2  22.8   18:00  15.1    3:00   1.1   1.0   5.4   2.6  19.3   13:00   ENE
12  19.2  25.1   15:30  14.5    5:30   1.3   2.3   0.0   3.1  17.7   16:30   ENE
13  20.3  24.3   15:00  15.8    0:30   0.1   2.2   1.4   8.7  33.8   11:30   ENE
14  21.0  21.8    3:00  19.3    9:30   0.0   2.7   2.6  12.2  46.7   12:00   ENE
15  22.7  26.9   15:00  20.9    5:30   0.0   4.4   0.0   7.7  32.2    3:00   ENE
16  23.6  26.2   15:30  21.7    0:30   0.0   5.3   0.0  13.0  45.1   10:30   ENE
17  26.2  30.5   16:00  23.3    1:30   0.0   7.9   0.0  11.9  43.5   13:00   ENE
18  25.2  28.7   12:00  21.3   00:00   0.0   6.9   0.0   6.8  32.2   10:00   ENE
19  22.0  27.5   12:30  18.3   00:00   0.0   3.7   0.0   2.3  19.3   21:30   WNW
20  19.1  23.2   13:30  16.3    7:00   0.4   1.2   0.0   2.6  30.6   15:00   ENE
21  19.8  24.2   15:00  15.4    7:30   0.4   1.9   0.0   6.0  32.2   16:30   WNW
22  18.3  23.2   16:00  13.9    7:00   1.2   1.2   0.0   3.4  32.2   16:30   WNW
23  16.7  21.3   15:00  13.3   00:00   2.0   0.5  15.2   3.2  32.2   18:00   ENE
24  15.2  18.8   16:00  12.3    4:30   3.1   0.0   2.0   4.0  27.4   16:30   WNW
25  15.7  20.1   17:00  11.4    7:00   2.5   0.2   0.2   2.4  19.3    3:30   WNW
26  17.4  21.3   16:00  13.6    2:30   1.0   0.4   0.0   2.6  19.3   13:30   ENE
27  17.0  19.4   10:00  14.4    7:30   0.8   0.0  10.8   1.3  16.1   23:30   ENE
28  15.7  19.7   14:30  13.6    7:00   1.3   0.1   1.8   2.1  14.5    0:30   ENE
29  17.3  20.8   16:00  13.8   23:00   1.1   0.3   0.0   1.6  16.1    2:00   ENE
30  15.3  17.8   13:30  12.5    5:00   3.0   0.0   0.0   1.9  16.1   15:00   ENE
-------------------------------------------------------------------------------------
    19.8  30.5    17    11.4    25    23.1  71.9  55.4   4.3  46.7    14     ENE

Max >=  32.0:  0
Max <=   0.0:  0
Min <=   0.0:  0
Min <= -18.0:  0
Max Rain: 15.19 ON 23/09/15
Days of Rain: 11 (> .2 mm) 7 (> 2 mm) 0 (> 20 mm)
Heat Base:  18.3  Cool Base:  18.3  Method: Integration

Torna Indietro -> Dati Storici – NOAA Report