MONTHLY CLIMATOLOGICAL SUMMARY for SEP. 2014

NAME: Meteo Ariccia .it   CITY: Ariccia   STATE: RM 
ELEV:   500 m  LAT:  41° 43' 16" N  LONG:  12° 40' 18" E

                   TEMPERATURE (°C), RAIN  (mm), WIND SPEED (km/hr)

                                      HEAT  COOL        AVG
    MEAN                              DEG   DEG         WIND                 DOM
DAY TEMP  HIGH   TIME   LOW    TIME   DAYS  DAYS  RAIN  SPEED HIGH   TIME    DIR
------------------------------------------------------------------------------------
 1
 2
 3
 4
 5
 6
 7
 8
 9
10
11
12
13
14
15  19.9  23.2   13.30  15.1    8.00   0.1   1.2   0.0   2.9  17.7   14.00     W
16  19.4  23.7   16.00  16.1    7.30   0.6   1.8   0.0   2.7  19.3   16.00   ENE
17  19.3  23.7   16.00  15.7    7.30   0.6   1.7   0.0   2.9  12.9   12.30   ENE
18  20.8  24.6   15.30  17.1    3.00   0.1   2.6   1.0   6.1  24.1   15.30   ENE
19  22.9  25.6   17.00  21.4    7.30   0.0   4.6   0.0   8.5  37.0   11.30   ENE
20  23.2  27.4   15.30  20.8   00.00   0.0   4.9   0.0   2.7  22.5   11.00   ENE
21  21.8  25.8   13.30  19.0    6.00   0.0   3.5   0.0   3.5  20.9   12.30   ENE
22  20.8  23.7   14.30  19.2   00.00   0.0   2.5   0.0   2.4  20.9   15.00   ENE
23  19.6  24.0   13.30  16.1    8.00   0.2   1.5   0.2   2.4  22.5   10.00   ENE
24  18.1  22.4   14.30  15.2    6.30   0.9   0.7   0.0   2.1  17.7   15.30   ENE
25  17.6  21.1   13.30  14.8    7.00   1.1   0.4   2.8   2.7  25.7    2.00   ENE
26  17.5  21.6   15.30  14.2    6.00   1.6   0.7   0.0   3.7  20.9   17.30   ENE
27  18.2  23.8   17.00  14.2    7.00   1.4   1.4   0.0   3.4  20.9   16.00   ENE
28  18.2  22.1   15.00  14.6    7.30   0.9   0.8   0.0   4.0  20.9   15.30     W
29  17.7  22.1   13.30  14.6    6.30   1.5   0.9   0.2   2.7  17.7   13.30   ENE
30  17.6  22.4   16.30  13.3    7.30   1.8   1.0   0.0   3.2  16.1   14.30    NE
-------------------------------------------------------------------------------------
    19.5  27.4    20    13.3    30    10.9  30.3   4.2   3.5  37.0    19     ENE

Max >=  32.0:  0
Max <=   0.0:  0
Min <=   0.0:  0
Min <= -18.0:  0
Max Rain: 2.79 ON 25/09/14
Days of Rain: 4 (> .2 mm) 1 (> 2 mm) 0 (> 20 mm)
Heat Base:  18.3  Cool Base:  18.3  Method: Integration

Torna Indietro -> Dati Storici – NOAA Report