MONTHLY CLIMATOLOGICAL SUMMARY for SEP. 2013

NAME: Meteo Ariccia .it   CITY: Ariccia   STATE: RM 
ELEV:   500 m  LAT:  41° 43' 16" N  LONG:  12° 40' 18" E

                   TEMPERATURE (°C), RAIN  (mm), WIND SPEED (km/hr)

                                      HEAT  COOL        AVG
    MEAN                              DEG   DEG         WIND                 DOM
DAY TEMP  HIGH   TIME   LOW    TIME   DAYS  DAYS  RAIN  SPEED HIGH   TIME    DIR
------------------------------------------------------------------------------------
 1  21.4  25.9   14.30  17.1    7.00   0.1   3.2   0.0   5.6  27.4   15.00   NNE
 2  21.4  26.9   15.30  16.4    7.00   0.2   3.3   0.0   4.3  22.5   15.00   NNE
 3  22.1  26.9   14.00  18.4    2.00   0.0   3.8   0.0   5.1  24.1   15.00   NNE
 4  23.6  28.5   15.30  19.9    2.30   0.0   5.3   0.0   5.3  19.3   16.00   NNE
 5  23.4  27.9   15.00  19.7    1.30   0.0   5.1   0.0   6.0  27.4   15.30    NE
 6  23.1  27.7   14.30  19.1    5.30   0.0   4.8   0.0   5.5  24.1   15.00   NNE
 7  22.8  27.9   14.30  18.4    7.00   0.0   4.5   0.0   5.3  22.5   15.30   NNE
 8  22.5  27.5   14.30  18.6    7.00   0.0   4.2   0.0   4.3  20.9   15.00   NNE
 9  21.2  24.8   14.00  18.7   00.00   0.0   2.9   4.0   5.6  30.6    9.30    SE
10  19.0  22.1   13.00  17.4    6.30   0.2   0.9   0.2   6.4  24.1   12.30    SE
11  19.3  22.4   14.00  17.2    5.00   0.3   1.2   3.2   6.4  33.8   17.00    SW
12  17.8  20.3   16.30  14.7   00.00   1.0   0.4   1.6   5.1  32.2   12.30    SW
13  18.2  22.7   15.30  14.4    7.00   1.2   1.1   0.0   5.5  24.1   15.30   NNE
14  18.2  22.7   16.30  14.7    4.30   1.3   1.2   0.0   4.5  22.5   15.00   NNE
15  17.3  21.2   13.30  14.3    4.30   1.3   0.3  23.4   7.4  35.4   17.30    SE
16  17.4  20.8   14.30  14.3    6.30   1.3   0.4   0.0   5.3  27.4   16.00   WNW
17  17.6  20.4   17.30  15.9   22.30   1.1   0.4   0.0   7.1  30.6   13.00   WSW
18  16.9  20.9   15.30  13.1    7.00   1.8   0.5   0.0   6.8  30.6   14.00    SE
19  18.0  21.7   13.30  15.7   23.00   1.1   0.8   0.0   8.0  27.4    2.30   ESE
20  19.2  24.2   15.30  15.2    7.00   0.8   1.7   0.0   4.8  19.3   16.30   NNE
21  20.6  24.8   15.00  16.2    7.00   0.2   2.5   0.0   5.5  22.5   16.30   NNE
22  19.4  23.7   16.00  16.1   23.00   0.4   1.6   0.0   5.3  25.7   17.30   NNE
23  17.7  21.2   15.30  14.8    1.30   1.2   0.6   0.0   4.3  29.0    4.30     E
24  18.0  23.7   15.00  13.8    7.30   1.5   1.2   0.0   4.7  24.1   15.30   NNE
25  17.2  22.2   15.30  12.5    7.30   1.9   0.8   0.0   5.1  20.9   14.30     S
26  18.6  24.3   14.30  13.8    7.30   1.3   1.6   0.2   3.9  17.7   18.00   NNE
27  18.9  23.8   14.00  15.7    7.30   0.9   1.6   0.0   4.3  19.3   14.00   NNE
28  19.2  24.3   15.00  14.9    6.30   0.9   1.7   0.0   4.5  20.9   15.00     S
29  19.3  20.9   16.30  16.2   22.30   0.0   1.0  16.2  10.9  38.6   10.00   ESE
30  18.3  21.4   16.00  15.1   14.00   0.5   0.5  38.4   6.3  49.9    1.30    NW
-------------------------------------------------------------------------------------
    19.6  28.5     4    12.5    25    20.5  59.0  87.2   5.6  49.9    30     NNE

Max >=  32.0:  0
Max <=   0.0:  0
Min <=   0.0:  0
Min <= -18.0:  0
Max Rain: 38.40 ON 30/09/13
Days of Rain: 8 (> .2 mm) 5 (> 2 mm) 2 (> 20 mm)
Heat Base:  18.3  Cool Base:  18.3  Method: Integration

Torna Indietro -> Dati Storici – NOAA Report