MONTHLY CLIMATOLOGICAL SUMMARY for SEP. 2012

NAME: Meteo Ariccia .it   CITY: Ariccia   STATE: RM 
ELEV:   500 m  LAT:  41° 43' 16" N  LONG:  12° 40' 18" E

                   TEMPERATURE (°C), RAIN  (mm), WIND SPEED (km/hr)

                                      HEAT  COOL        AVG
    MEAN                              DEG   DEG         WIND                 DOM
DAY TEMP  HIGH   TIME   LOW    TIME   DAYS  DAYS  RAIN  SPEED HIGH   TIME    DIR
------------------------------------------------------------------------------------
 1  18.2  20.4   15.30  15.8   22.00   0.7   0.6   0.0   5.5  25.7   11.30     S
 2  19.3  22.3   12.30  16.8    1.00   0.3   1.3   2.4   6.8  35.4   00.00   ESE
 3  18.6  22.2   12.30  15.2    5.30   0.7   1.0  22.0   8.2  40.2    1.30    SE
 4  18.3  19.5    3.30  17.2   17.00   0.2   0.2  36.4  12.1  46.7   15.30     E
 5  19.2  21.3   16.00  17.3    9.00   0.1   1.0   5.2  10.1  40.2    1.00    SE
 6  19.9  25.4   15.30  16.8    7.30   0.4   2.0   9.8   9.2  37.0   17.30    NW
 7  21.7  26.4   14.30  17.7    7.00   0.0   3.4   0.0   4.7  22.5   15.30    NW
 8  22.0  26.3   13.30  18.6    2.00   0.0   3.7   0.0   5.5  20.9   15.30   NNE
 9  20.9  25.3   13.00  17.1    5.00   0.1   2.8   0.0   4.5  20.9   16.30   NNE
10  20.8  24.4   13.30  18.2   23.30   0.0   2.5   0.0   5.3  22.5   15.00    NW
11  20.9  26.0   15.00  16.8    6.30   0.2   2.8   0.0   5.8  22.5   15.00     N
12  20.3  24.4   13.30  16.7    6.00   0.3   2.3   0.0   7.6  32.2   23.30   NNE
13  17.2  20.4    2.30  14.4   00.00   1.4   0.3   9.0   7.7  38.6    2.00     S
14  13.8  17.4   22.00  11.5   10.00   4.5   0.0  10.0  12.7  57.9   10.00     N
15  19.3  24.8   15.30  13.9    0.30   0.9   1.9   0.0   6.6  30.6    0.30   NNE
16  18.7  21.9   15.30  15.5   00.00   0.5   0.9   0.2   3.9  17.7   15.30   NNE
17  17.9  22.5   15.30  14.5    4.00   1.3   1.0   0.2   4.2  20.9   16.30    NE
18  18.3  23.4   13.30  14.4    7.30   1.3   1.3   0.0   4.2  20.9   15.00   NNE
19  17.5  20.9   14.00  14.3    4.30   1.2   0.4  28.4   4.3  30.6   18.30   NNE
20  19.0  23.0   15.30  15.8   21.30   0.5   1.2   2.0   6.0  27.4    8.30    NW
21  17.6  22.0   16.30  13.3    7.30   1.5   0.7   0.0   3.5  17.7    0.30    NE
22  18.7  22.3   16.00  16.0    1.30   0.7   1.1   0.0   6.6  30.6   12.30    SE
23  21.2  23.7   16.30  19.2    1.30   0.0   2.9   0.0  12.4  41.8   20.00     E
24  21.3  24.2   13.00  18.6   00.00   0.0   3.0   0.0  15.3  54.7   15.00     E
25  19.4  22.6   15.00  17.2    7.30   0.2   1.3   0.2   8.2  33.8   19.30    SE
26  20.8  22.8   23.00  18.6    5.00   0.0   2.5   0.6  13.4  43.5   13.00    SE
27  21.9  25.7   16.00  20.1    8.00   0.0   3.6   0.0  12.2  41.8    0.30    SE
28  24.8  27.3   16.00  22.4    0.30   0.0   6.4   0.0  10.9  41.8    8.30   ESE
29  25.8  29.1   14.00  21.4   23.30   0.0   7.5   0.0  15.3  49.9   14.30   ESE
30  19.5  23.4   10.30  16.2   21.00   0.3   1.5  22.0  10.9  54.7    8.00     N
-------------------------------------------------------------------------------------
    19.8  29.1    29    11.5    14    17.3  61.0 148.4   8.1  57.9    14      SE

Max >=  32.0:  0
Max <=   0.0:  0
Min <=   0.0:  0
Min <= -18.0:  0
Max Rain: 36.40 ON 04/09/12
Days of Rain: 14 (> .2 mm) 10 (> 2 mm) 4 (> 20 mm)
Heat Base:  18.3  Cool Base:  18.3  Method: Integration

Torna Indietro -> Dati Storici – NOAA Report