MONTHLY CLIMATOLOGICAL SUMMARY for OCT. 2012

NAME: Meteo Ariccia .it   CITY: Ariccia   STATE: RM 
ELEV:   500 m  LAT:  41° 43' 16" N  LONG:  12° 40' 18" E

                   TEMPERATURE (°C), RAIN  (mm), WIND SPEED (km/hr)

                                      HEAT  COOL        AVG
    MEAN                              DEG   DEG         WIND                 DOM
DAY TEMP  HIGH   TIME   LOW    TIME   DAYS  DAYS  RAIN  SPEED HIGH   TIME    DIR
------------------------------------------------------------------------------------
 1  19.9  23.4   13.00  17.4   22.30   0.1   1.7   0.0   5.6  20.9   10.30    NE
 2  18.0  21.0   15.00  15.8    7.30   0.8   0.5   0.0   5.3  27.4   17.00    NW
 3  17.4  21.5   15.30  14.7    4.30   1.4   0.6   0.2   4.2  19.3   13.00     S
 4  17.6  21.9   15.30  13.8    6.30   1.4   0.7   0.0   4.7  20.9   16.00    NW
 5  18.3  22.7   16.00  15.8    6.00   1.0   1.0   0.2   6.0  17.7    3.00     N
 6  18.6  23.2   14.30  14.4   00.00   1.0   1.3   0.0   5.1  17.7   15.00   NNE
 7  17.3  20.2   15.30  13.3    5.30   1.4   0.4   0.0   4.2  27.4   11.30    SE
 8  19.1  23.3   15.00  15.8    6.30   0.6   1.3   0.0   4.5  22.5   15.30   NNE
 9  17.7  19.8   14.30  15.7    1.00   0.7   0.1   0.4   4.0  20.9   12.30     E
10  17.8  21.8   14.00  14.9    6.30   1.3   0.8   0.4   5.0  20.9   15.00   NNE
11  17.6  21.5   14.30  14.7    4.00   1.2   0.5   0.0   4.7  20.9   14.30     S
12  17.4  19.7   14.00  15.3    8.30   1.1   0.2  11.2   6.6  29.0    4.30     E
13  16.3  18.3   11.00  13.4   00.00   2.0   0.0   5.0   5.5  22.5   11.30    NE
14  16.1  19.6   15.00  12.6    7.30   2.3   0.1   0.2   6.0  24.1   15.00   NNE
15  16.8  20.1   14.00  13.7   22.00   1.7   0.2  15.2  11.4  43.5   13.30   ESE
16  14.3  17.8   16.00  12.0    4.30   3.9   0.0   0.8   3.4  20.9   15.00     S
17  15.8  20.4   15.30  12.6    0.30   2.8   0.3   0.0   3.9  17.7   13.00    NE
18  16.6  21.4   16.00  12.6    2.00   2.3   0.5   0.0   3.9  14.5   10.00   NNE
19  19.2  24.0   16.00  15.6    4.30   0.7   1.6   0.0   5.3  17.7   10.00    NE
20  20.4  24.7   15.30  16.2    8.00   0.1   2.2   0.0   4.2  12.9    1.30   NNE
21  20.2  25.1   16.30  15.9    8.00   0.3   2.2   0.0   4.5  19.3   14.00   NNE
22  19.4  24.1   16.00  16.2    7.30   0.4   1.5   0.0   3.7  16.1   11.30   NNE
23  18.2  21.4   13.30  15.5    3.30   0.7   0.6   0.0   5.1  24.1   11.30    NE
24  17.7  21.1   15.30  15.3   00.00   1.2   0.5   0.0   6.1  27.4   14.00     E
25  17.1  20.8   15.30  14.3    1.00   1.7   0.5   0.0   4.2  19.3   13.30    NE
26  16.4  18.6   14.00  15.2    1.30   1.9   0.0  35.8  12.6  54.7   22.30    SE
27  16.5  17.9   14.00  14.2    9.30   1.8   0.0   3.2  11.7  61.2    9.30     S
28  10.2  14.8    0.30   6.4   21.00   8.1   0.0  10.2   8.2  48.3   19.00    SW
29   7.6   9.6   15.30   5.1    7.30  10.7   0.0  10.0   5.0  32.2   19.30     W
30  10.4  12.9   11.30   6.0    5.30   7.9   0.0   0.0   6.3  33.8   22.30     E
31  12.8  15.3   22.30  10.8    8.30   5.5   0.0  58.0  19.8  67.6   14.30     E
-------------------------------------------------------------------------------------
    16.7  25.1    21     5.1    29    68.1  19.6 150.8   6.1  67.6    31     NNE

Max >=  32.0:  0
Max <=   0.0:  0
Min <=   0.0:  0
Min <= -18.0:  0
Max Rain: 57.99 ON 31/10/12
Days of Rain: 14 (> .2 mm) 8 (> 2 mm) 2 (> 20 mm)
Heat Base:  18.3  Cool Base:  18.3  Method: Integration

Torna Indietro -> Dati Storici – NOAA Report