MONTHLY CLIMATOLOGICAL SUMMARY for NOV. 2017

NAME: Meteo Ariccia .it   CITY: Ariccia   STATE: RM 
ELEV:   500 m  LAT:  41° 43' 16" N  LONG:  12° 40' 18" E

                   TEMPERATURE (°C), RAIN  (mm), WIND SPEED (km/hr)

                                      HEAT  COOL        AVG
    MEAN                              DEG   DEG         WIND                 DOM
DAY TEMP  HIGH   TIME   LOW    TIME   DAYS  DAYS  RAIN  SPEED HIGH   TIME    DIR
------------------------------------------------------------------------------------
 1  12.1  16.1   15:00   9.3   00:00   6.1   0.0   0.0   2.3  20.9   12:00   ENE
 2  12.2  15.9   15:00   8.6    7:00   6.1   0.0   1.0   2.6  17.7   14:00   ENE
 3  13.4  16.4   15:30  11.9   00:00   4.9   0.0   3.0   1.3  16.1   11:00   ENE
 4  13.7  17.9   14:30  10.5    7:00   4.6   0.0   0.4   2.3  12.9   12:30   ENE
 5  13.6  15.3   12:00  10.8   16:30   4.8   0.0  34.8   8.0  48.3   12:30   ENE
 6  10.0  12.5    0:30   6.1   00:00   8.3   0.0   1.0   3.1  22.5   12:00   ENE
 7   9.1  11.8   15:00   6.4    0:30   9.2   0.0   8.0   8.0  35.4   10:30   ENE
 8  10.1  14.2   15:30   6.7    1:30   8.2   0.0   0.0   2.6  19.3    8:30   ENE
 9  11.3  14.1   11:30   9.3    0:30   6.9   0.0   5.8   5.0  29.0   23:30   ENE
10  12.2  15.9   12:30   9.4    4:00   6.2   0.0   1.4   4.8  37.0    5:30   ENE
11  12.0  15.6   11:30   8.7   00:00   6.3   0.0   0.0   2.7  17.7   13:30   ENE
12  11.2  13.7   12:00   8.2    7:00   7.1   0.0   7.8   3.9  24.1   17:00   ENE
13   9.1  12.6    5:30   5.1   20:00   9.2   0.0   6.2   5.1  51.5    6:00   WSW
14   7.9   9.6    8:30   4.3    2:00  10.4   0.0   5.0   5.1  41.8   10:00   ENE
15   9.7  12.1   11:30   7.8    1:30   8.6   0.0   2.6   3.2  24.1    1:00   ENE
16  11.2  13.5   10:30   7.9   00:00   7.1   0.0   0.0   3.4  24.1   14:30   ENE
17  11.8  16.4   11:00   8.1    0:30   6.4   0.0   0.0   3.2  19.3   14:00   ENE
18  10.7  14.1   11:30   7.3   23:00   7.6   0.0   0.0   3.4  14.5    3:00   ENE
19   8.8  11.2   12:00   6.6    5:00   9.5   0.0   0.0   3.9  32.2   14:00   ENE
20   9.3  12.8   13:00   5.1    7:30   9.0   0.0   0.0   3.1  14.5    2:30   ENE
21  11.1  13.4   13:30   8.1    0:30   7.2   0.0   0.0   4.8  19.3   11:30   ENE
22  12.1  15.8   14:30   9.6   00:00   6.3   0.0   0.0   2.6  14.5   13:30   ENE
23  11.4  15.4   15:00   7.9    2:00   6.9   0.0   0.2   3.4  16.1   10:30   ENE
24  12.3  15.4   13:00  10.9    3:00   6.0   0.0   1.0   3.4  12.9    6:30   ENE
25  12.7  13.6   12:00  11.6    1:00   5.7   0.0   0.2   7.4  38.6   22:00   ENE
26   9.4  12.9    2:30   4.2   22:30   8.9   0.0   2.8   5.6  48.3   00:00   WNW
27   5.6   9.1   14:30   2.5   23:00  12.7   0.0   0.0   4.0  32.2   15:30   WNW
28   5.8  10.0   14:00   1.3    7:30  12.4   0.0   0.6   0.8  22.5   21:30   ENE
29   9.4  11.6   21:30   7.1    0:30   8.9   0.0  59.2   6.6  33.8   13:00   ENE
30   7.8  10.3   13:30   5.2   22:30  10.5   0.0   0.4   3.4  35.4   13:30   WNW
-------------------------------------------------------------------------------------
    10.6  17.9     4     1.3    28   232.2   0.0 141.4   4.0  51.5    13     ENE

Max >=  32.0:  0
Max <=   0.0:  0
Min <=   0.0:  0
Min <= -18.0:  0
Max Rain: 59.21 ON 29/11/17
Days of Rain: 19 (> .2 mm) 10 (> 2 mm) 2 (> 20 mm)
Heat Base:  18.3  Cool Base:  18.3  Method: Integration

Torna Indietro -> Dati Storici – NOAA Report