MONTHLY CLIMATOLOGICAL SUMMARY for NOV. 2016

NAME: Meteo Ariccia .it   CITY: Ariccia   STATE: RM 
ELEV:   500 m  LAT:  41° 43' 16" N  LONG:  12° 40' 18" E

                   TEMPERATURE (°C), RAIN  (mm), WIND SPEED (km/hr)

                                      HEAT  COOL        AVG
    MEAN                              DEG   DEG         WIND                 DOM
DAY TEMP  HIGH   TIME   LOW    TIME   DAYS  DAYS  RAIN  SPEED HIGH   TIME    DIR
------------------------------------------------------------------------------------
 1  13.3  17.7   14:30  10.1    5:00   5.0   0.0   0.2   1.3  14.5   13:30   ENE
 2  14.6  18.2   13:30  11.7    6:00   3.7   0.0   0.2   1.6  17.7   12:00   ENE
 3  14.5  17.6   14:30  13.0   19:00   3.8   0.0  24.4   3.5  27.4    2:00   ENE
 4  14.1  17.1   15:30  12.3   19:00   4.2   0.0   0.2   3.2  20.9    9:30   ENE
 5  15.3  16.6   22:30  13.3    0:30   3.0   0.0   0.6  11.7  43.5   14:00   ENE
 6  15.7  17.3   14:30  11.3   23:30   2.6   0.0  10.0   9.3  43.5   19:00   ENE
 7  11.6  13.3   12:00  10.2   13:00   6.7   0.0   8.2   2.1  24.1   20:30   ENE
 8   9.8  12.4   12:00   7.8   23:00   8.4   0.0  12.4   2.1  27.4   13:00   ENE
 9   8.6  11.7   15:30   6.5    6:00   9.7   0.0   8.2   5.0  29.0   12:00   WNW
10   9.4  13.0   15:00   6.5    0:30   8.9   0.0   0.0   2.4  20.9   12:00   ENE
11  10.9  13.7   16:00   7.5   00:00   7.4   0.0   5.0   7.9  54.7   18:00   ENE
12   7.2   9.1   15:00   4.9    6:30  11.1   0.0   1.6   5.0  40.2   11:30   WNW
13   9.5  12.2   12:30   5.7    6:30   8.8   0.0   0.0   3.7  19.3   19:00   ENE
14  11.1  13.6   12:00   9.7    5:00   7.2   0.0   0.0   5.0  27.4    7:00   ENE
15   9.9  13.4   10:00   6.9   22:00   8.4   0.0   0.0   2.9  22.5    1:30   ENE
16   8.9  13.1   15:00   6.3    6:00   9.3   0.0   0.0   2.9  19.3   13:00   ENE
17  11.7  14.1   12:30   7.2    1:30   6.6   0.0   0.4   3.7  24.1   20:30   ENE
18  14.6  17.0   14:00  12.9    0:30   3.8   0.0   0.0   7.4  30.6   23:30   ENE
19  14.1  14.6    0:30  13.0   22:00   4.3   0.0  19.0   6.4  37.0    6:30   ENE
20  14.6  17.6   15:00  13.4    5:30   3.7   0.0   1.0   4.8  29.0    4:00   ENE
21  14.4  17.1   13:30  12.7    6:00   3.9   0.0   0.0   5.8  30.6   21:30   ENE
22  14.9  17.4   14:30  13.2    1:00   3.3   0.0   0.0   7.4  32.2    7:30   ENE
23  15.3  16.9   15:30  14.5   21:30   3.0   0.0   0.0   9.0  38.6   11:30   ENE
24  15.3  16.3   12:00  14.6    2:00   3.0   0.0   0.2  10.6  41.8   23:30   ENE
25  13.2  15.1   16:00  10.8   00:00   5.1   0.0  32.6   4.5  41.8    2:00   ENE
26  11.6  14.4   13:00   8.6   22:30   6.8   0.0   0.4   2.6  19.3   13:00   ENE
27  10.5  13.8   13:30   8.2   23:30   7.8   0.0   0.0   2.6  14.5   14:30   ENE
28  10.3  13.9   14:00   7.7    7:30   8.0   0.0   0.0   3.1  14.5   15:00   ENE
29   6.8  10.7    0:30   4.1    7:00  11.5   0.0   0.0   5.8  37.0   19:30   ENE
30   6.1  11.0   13:30   2.5    1:30  12.2   0.0   0.0   2.9  29.0    2:00   ENE
-------------------------------------------------------------------------------------
    11.9  18.2     2     2.5    30   191.2   0.0 124.6   4.9  54.7    11     ENE

Max >=  32.0:  0
Max <=   0.0:  0
Min <=   0.0:  0
Min <= -18.0:  0
Max Rain: 32.59 ON 25/11/16
Days of Rain: 17 (> .2 mm) 8 (> 2 mm) 2 (> 20 mm)
Heat Base:  18.3  Cool Base:  18.3  Method: Integration

Torna Indietro -> Dati Storici – NOAA Report