MONTHLY CLIMATOLOGICAL SUMMARY for NOV. 2013

NAME: Meteo Ariccia .it   CITY: Ariccia   STATE: RM 
ELEV:   500 m  LAT:  41° 43' 16" N  LONG:  12° 40' 18" E

                   TEMPERATURE (°C), RAIN  (mm), WIND SPEED (km/hr)

                                      HEAT  COOL        AVG
    MEAN                              DEG   DEG         WIND                 DOM
DAY TEMP  HIGH   TIME   LOW    TIME   DAYS  DAYS  RAIN  SPEED HIGH   TIME    DIR
------------------------------------------------------------------------------------
 1  16.8  19.9   13.00  13.9    6.00   1.8   0.3   0.0   5.3  25.7   21.00    SE
 2  16.2  18.0   15.00  14.9    6.00   2.1   0.0   2.8   7.9  32.2   10.30    SE
 3  16.4  18.7   13.00  14.8    1.00   1.9   0.0   3.8   8.5  32.2   11.00    SE
 4  16.2  17.9   13.30  14.5   20.00   2.1   0.0   3.8   9.5  51.5   22.30    SE
 5  13.6  16.1    0.30  12.3    8.00   4.8   0.0  27.4   6.0  48.3    1.30     W
 6  15.3  19.6   22.30  11.6    3.30   3.1   0.1   0.0   7.4  41.8   10.00     N
 7  16.1  18.3   15.00  13.0    6.00   2.2   0.0   0.0   8.0  35.4   14.00    SE
 8  16.4  19.3   14.30  15.3   22.00   1.9   0.0   0.0   8.4  27.4   13.30   ESE
 9  15.8  17.7   12.30  14.3   21.00   2.5   0.0   2.0   8.7  35.4    4.30    SE
10  13.1  15.5   10.30   8.9   23.30   5.2   0.0   6.2   8.0  54.7   19.00    SW
11   9.2  11.9   21.30   6.8    8.00   9.1   0.0   4.8  14.8  53.1   12.00     N
12  12.2  15.8    9.30   9.5    1.30   6.1   0.0   5.6   7.4  25.7    0.30     N
13  15.2  17.7   15.00  11.2    0.30   3.1   0.0   0.0   6.6  24.1   14.00   NNE
14  15.1  18.6   13.30  12.0    7.00   3.2   0.0   0.0   3.9  20.9   22.30   NNE
15  12.2  15.2   00.00  10.1    8.00   6.1   0.0  19.8   6.1  33.8   00.00     E
16  14.9  16.9   13.00  13.8    7.00   3.4   0.0   0.0   4.7  29.0    2.30    NE
17  14.3  16.8   15.00  12.8   20.30   4.0   0.0   0.0   7.1  33.8    5.30     E
18  14.6  16.2   13.00  12.8    1.00   3.7   0.0   0.4  13.4  70.8   21.00     E
19  11.9  14.6    0.30   9.2   21.30   6.4   0.0  57.2  12.9  54.7   00.00    SE
20   9.9  12.9    2.00   7.9    6.30   8.4   0.0  16.6   5.6  67.6    1.00    SW
21   8.4  10.3   11.30   7.2   19.00   9.9   0.0  13.8   6.1  35.4   19.30     S
22   7.6  10.0   13.00   6.1    9.00  10.7   0.0  14.0   5.8  37.0   16.00     E
23   6.1   7.2    0.30   5.3   13.00  12.2   0.0  45.8   7.9  41.8   12.30     E
24   8.0  11.1   14.30   5.4   00.00  10.3   0.0   0.0   6.6  35.4    3.30    NE
25   6.8  11.9   11.30   1.2   00.00  11.5   0.0   0.0  10.5  54.7   23.30     N
26   1.6   4.7   15.00  -0.4    5.00  16.7   0.0   0.0  21.6  61.2   16.00     N
27   2.8   5.1   12.00   0.4    4.00  15.5   0.0   0.0   8.0  45.1    1.00    NW
28   4.8   7.4   23.00   0.8    5.00  13.5   0.0   2.0   7.4  38.6   17.30    NE
29   8.2  11.5   14.30   4.9    7.00  10.1   0.0   0.0   5.3  19.3    0.30   NNE
30   8.6  11.4   22.30   5.3    7.30   9.7   0.0   0.0   8.0  24.1   18.30   NNE
-------------------------------------------------------------------------------------
    11.6  19.9     1    -0.4    26   201.2   0.4 226.0   8.2  70.8    18      SE

Max >=  32.0:  0
Max <=   0.0:  0
Min <=   0.0:  1
Min <= -18.0:  0
Max Rain: 57.20 ON 19/11/13
Days of Rain: 16 (> .2 mm) 15 (> 2 mm) 3 (> 20 mm)
Heat Base:  18.3  Cool Base:  18.3  Method: Integration

Torna Indietro -> Dati Storici – NOAA Report