MONTHLY CLIMATOLOGICAL SUMMARY for NOV. 2012

NAME: Meteo Ariccia .it   CITY: Ariccia   STATE: RM 
ELEV:   500 m  LAT:  41° 43' 16" N  LONG:  12° 40' 18" E

                   TEMPERATURE (°C), RAIN  (mm), WIND SPEED (km/hr)

                                      HEAT  COOL        AVG
    MEAN                              DEG   DEG         WIND                 DOM
DAY TEMP  HIGH   TIME   LOW    TIME   DAYS  DAYS  RAIN  SPEED HIGH   TIME    DIR
------------------------------------------------------------------------------------
 1  13.9  16.2   15.30  12.2    9.30   4.4   0.0   9.6  10.1  56.3    3.00    SE
 2  13.8  16.9   13.30  12.1    5.00   4.5   0.0   0.2   3.7  19.3   10.30     S
 3  13.7  15.9   13.00  11.7    6.30   4.6   0.0   0.2   7.7  35.4   21.00   ESE
 4  15.9  17.5   20.30  13.7    4.00   2.4   0.0  11.0  15.0  41.8   16.00   ESE
 5  16.2  19.2   11.00  13.2   22.00   2.2   0.1   1.2   9.2  37.0    2.00    SE
 6  13.1  15.6   12.30  11.7    4.30   5.3   0.0   0.0   3.2  17.7   13.30    NE
 7  12.3  14.5   15.00   9.8    6.00   6.0   0.0   0.4   5.3  24.1   16.30    NE
 8  11.9  15.5   14.00   9.3   23.30   6.4   0.0   0.0   2.7  16.1   11.30    NE
 9  11.3  14.9   15.00   7.8    7.00   7.0   0.0   0.2   3.9  12.9   11.00   NNE
10  14.1  16.7   00.00  11.3    4.30   4.2   0.0   0.0  11.3  45.1   00.00   ESE
11  16.3  17.2   23.30  15.2    8.30   2.0   0.0  24.8  19.6  61.2    9.30    SE
12  18.1  21.3   12.00  15.6    6.00   0.6   0.4   0.2  13.5  53.1    1.30   ESE
13  17.9  21.4   14.30  14.9   21.00   0.9   0.5   0.0   4.3  22.5   19.00    NE
14  15.6  17.9   10.00  13.4    3.30   2.7   0.0   0.0   4.0  14.5   11.00   NNE
15  13.7  15.6   14.30  11.2   20.30   4.7   0.0   0.4   2.7  14.5    1.00    NE
16  12.7  15.8   13.00   9.5    4.00   5.6   0.0   0.0   4.7  16.1    5.00   NNE
17  12.8  15.0   13.00   9.9    3.30   5.5   0.0   5.8   3.1  29.0   23.00   NNE
18  14.1  15.6   13.30  12.0    2.00   4.3   0.0  24.6   7.7  32.2    1.30   ESE
19  13.8  17.1   14.00  12.3    6.30   4.5   0.0   3.6   5.0  29.0    0.30   NNE
20  13.6  16.2   11.00  11.5   22.30   4.7   0.0   0.8   5.0  20.9   18.00   NNE
21  13.7  16.5   11.00  11.6   22.00   4.6   0.0   0.0   2.9  16.1   11.30    NE
22  13.3  15.9   12.30  11.1   22.00   5.0   0.0   0.0   3.2  16.1   12.30    NE
23  12.8  16.1   14.30  10.1   23.00   5.5   0.0   0.2   4.0  14.5    7.30   NNE
24  11.8  15.7   12.30   8.8    5.30   6.6   0.0   0.0   4.7  12.9    1.30   NNE
25  11.1  14.9   13.30   8.1    7.00   7.2   0.0   0.0   4.2  12.9   13.30   NNE
26  11.8  15.2   14.00   8.3    2.00   6.5   0.0   0.0   5.8  33.8   23.30    SE
27  13.3  14.4   00.00  12.0    0.30   5.0   0.0   5.4  17.1  61.2   21.30   ESE
28  12.4  16.1   10.30   8.4   19.30   5.9   0.0  22.8  21.4  77.2    9.00    SE
29   8.9  10.0   10.00   7.7    6.30   9.4   0.0  31.4  12.6  57.9   11.00    SE
30   8.3  10.3   15.30   7.0   23.00   9.9   0.0   3.8   6.9  32.2    6.30     S
-------------------------------------------------------------------------------------
    13.4  21.4    13     7.0    30   147.9   1.0 146.6   7.5  77.2    28      SE

Max >=  32.0:  0
Max <=   0.0:  0
Min <=   0.0:  0
Min <= -18.0:  0
Max Rain: 31.39 ON 29/11/12
Days of Rain: 19 (> .2 mm) 10 (> 2 mm) 4 (> 20 mm)
Heat Base:  18.3  Cool Base:  18.3  Method: Integration

Torna Indietro -> Dati Storici – NOAA Report