MONTHLY CLIMATOLOGICAL SUMMARY for MAR. 2018

NAME: Meteo Ariccia .it   CITY: Ariccia   STATE: RM 
ELEV:   500 m  LAT:  41° 43' 16" N  LONG:  12° 40' 18" E

                   TEMPERATURE (°C), RAIN  (mm), WIND SPEED (km/hr)

                                      HEAT  COOL        AVG
    MEAN                              DEG   DEG         WIND                 DOM
DAY TEMP  HIGH   TIME   LOW    TIME   DAYS  DAYS  RAIN  SPEED HIGH   TIME    DIR
------------------------------------------------------------------------------------
 1   9.2  12.1   20:00   1.3    0:30   9.2   0.0   5.2  15.0  57.9   12:30   ENE
 2  10.7  13.1   14:30   7.6   00:00   7.7   0.0   2.8  10.8  57.9   17:30   ENE
 3   9.1  11.8   16:00   6.0    3:00   9.2   0.0  11.0   6.4  38.6    8:30   ENE
 4   9.5  12.7   14:00   7.3   18:00   8.8   0.0   8.8   3.7  25.7   18:30   ENE
 5   8.4  10.1    2:00   6.0   21:00   9.8   0.0  24.0   3.2  22.5    1:30   ENE
 6   8.3   9.3   17:00   6.5   11:00  10.0   0.0  41.0   4.5  29.0    7:30   ENE
 7   8.6  12.4   12:00   5.7   22:00   9.8   0.0   5.0   2.6  35.4   21:30   ENE
 8   8.9  12.4   14:00   4.8    7:30   9.4   0.0   0.0   2.4  29.0    1:30   ENE
 9   9.4  13.0   12:30   6.7   23:00   8.9   0.0   0.0   3.1  17.7    9:30   ENE
10  10.1  13.6   14:30   6.7    1:00   8.2   0.0   0.0   8.4  33.8   20:00   ENE
11  12.8  17.0   13:30  10.6   23:30   5.5   0.0  11.0  11.4  56.3    9:00   ENE
12  10.2  12.4   13:30   8.0   10:30   8.1   0.0   2.4   4.8  33.8    9:30   WNW
13  10.1  13.1   15:00   7.5   22:00   8.2   0.0   0.0   3.7  29.0   16:00   WSW
14   9.0  13.5   15:00   5.6    7:00   9.3   0.0   0.2   3.9  33.8   13:00   ENE
15   9.0  11.2   12:00   6.3    0:30   9.3   0.0   7.2  10.3  46.7   21:00   ENE
16  11.6  14.8   14:30   9.6    6:30   6.7   0.0   3.2   2.1  24.1    2:00   ENE
17   9.4  11.5    3:30   8.4   14:30   8.7   0.0   3.4   3.4  27.4    9:30   WNW
18   8.2  10.6   14:30   6.7    9:00  10.1   0.0  23.0   5.5  48.3    7:30   ENE
19   6.6   8.2   17:30   5.2    9:00  11.3   0.0  15.2   3.1  27.4    6:00   ENE
20   6.3   9.0   11:30   3.8    3:30  12.0   0.0  19.8   7.9  49.9   15:30   ENE
21   6.4  11.0   12:00   4.0    4:00   9.4   0.0  10.2   7.2  43.5    3:30   ENE
22   5.8   9.2   14:30   1.1   00:00  11.7   0.0   0.0   6.3  30.6   23:00   WNW
23   4.2   8.4   14:30   0.4    5:30  14.1   0.0   0.0   6.8  38.6   14:00   WNW
24   5.8   9.7   16:30   1.4    6:30  12.5   0.0   0.0   1.8  19.3   23:30   ENE
25   9.2  14.3   16:00   5.3    5:30   8.8   0.0   0.0   6.0  27.4    9:30   ENE
26   8.7  13.1   12:30   5.4    5:30   9.6   0.0   0.0   2.1  16.1   15:00   ENE
27   8.7  13.0   14:00   5.0    6:00   9.6   0.0   0.0   3.1  29.0   16:30   ENE
28  10.1  14.4   16:30   6.7    0:30   7.9   0.0   0.0   4.5  29.0   22:00   ENE
29  11.8  16.2   14:30   8.9    0:30   6.5   0.0   0.0   9.0  38.6   20:00   ENE
30  12.9  16.1   16:00  10.0    1:00   5.4   0.0   0.0  11.3  46.7   10:00   ENE
31  10.6  14.5    5:00   5.4   22:30   7.4   0.0   9.0   5.3  43.5   18:00   ENE
-------------------------------------------------------------------------------------
     9.0  17.0    11     0.4    23   283.1   0.0 202.4   5.8  57.9     1     ENE

Max >=  32.0:  0
Max <=   0.0:  0
Min <=   0.0:  0
Min <= -18.0:  0
Max Rain: 41.00 ON 06/03/18
Days of Rain: 18 (> .2 mm) 17 (> 2 mm) 3 (> 20 mm)
Heat Base:  18.3  Cool Base:  18.3  Method: Integration

Torna Indietro -> Dati Storici – NOAA Report