MONTHLY CLIMATOLOGICAL SUMMARY for MAR. 2017

NAME: Meteo Ariccia .it   CITY: Ariccia   STATE: RM 
ELEV:   500 m  LAT:  41° 43' 16" N  LONG:  12° 40' 18" E

                   TEMPERATURE (°C), RAIN  (mm), WIND SPEED (km/hr)

                                      HEAT  COOL        AVG
    MEAN                              DEG   DEG         WIND                 DOM
DAY TEMP  HIGH   TIME   LOW    TIME   DAYS  DAYS  RAIN  SPEED HIGH   TIME    DIR
------------------------------------------------------------------------------------
 1  10.1  13.0   13:30   7.4   23:30   8.2   0.0   0.8   6.9  37.0   14:30   WSW
 2   9.1  13.2   14:00   6.2    3:00   9.2   0.0   0.0   2.6  22.5   13:00   ENE
 3   9.9  15.6   15:00   5.8    6:00   8.3   0.0   0.0   3.7  29.0   23:00   ENE
 4  11.1  12.9   10:00   8.0    1:30   7.3   0.0   1.4  10.6  48.3   15:00   ENE
 5   8.5  10.4   15:30   6.5   20:00   9.8   0.0  16.2   3.7  30.6    5:30   ENE
 6  10.3  13.6   12:00   6.9    7:30   8.0   0.0   4.8   4.7  51.5   23:00   ENE
 7   7.3  10.2    0:30   5.4    8:00  11.0   0.0   9.8  15.6  59.5   19:00   WNW
 8   9.9  14.8   16:00   6.5    7:00   8.4   0.0   0.0  12.7  64.4   13:00   WNW
 9  11.8  15.9   14:30   6.1    5:30   6.4   0.0   0.0   3.1  22.5   15:00   WNW
10  13.9  18.6   14:30   8.9   00:00   4.3   0.0   0.0   7.2  54.7   16:30   WNW
11   9.4  14.2   14:00   5.7    6:30   8.9   0.0   0.0   7.6  45.1   10:00   WNW
12   8.5  13.0   14:30   5.1    5:30   9.8   0.0   0.0   1.4  20.9   16:00   ENE
13   9.2  13.4   14:00   5.6    7:00   9.1   0.0   0.0   3.2  22.5   15:00   ENE
14   9.4  14.1   13:00   5.6    3:00   8.9   0.0   0.0   2.9  24.1   14:30   ENE
15  10.9  15.6   12:00   6.7   23:30   7.4   0.0   0.0   2.7  25.7   12:30   ENE
16  11.2  16.3   14:30   6.9    3:00   7.1   0.0   0.0   3.2  27.4   15:30   WNW
17  12.4  17.0   14:00   8.4   00:00   5.8   0.0   0.0   3.7  29.0   14:00   WSW
18  11.1  14.7   13:30   8.4    0:30   7.2   0.0   0.0   3.1  20.9   14:00   ENE
19  10.9  12.8   16:30   9.5    3:00   7.4   0.0   0.4   1.9  22.5    1:00   ENE
20  12.6  16.2   14:30   9.4    5:30   5.7   0.0   0.0   1.9  17.7   11:30   ENE
21  13.1  17.9   16:00   8.4    6:00   5.2   0.0   0.0   2.4  22.5   13:30   WSW
22  12.4  14.7   11:00  10.2    7:00   5.9   0.0   0.0   1.4  16.1   00:00   ENE
23  12.6  15.7   14:00   9.8   21:30   5.8   0.0   0.0   5.1  30.6   10:00   ENE
24  14.6  19.9   15:30  10.1    5:30   3.9   0.1   0.0   2.3  16.1   15:00   ENE
25  15.3  20.6   13:00  11.7   00:00   3.2   0.2   1.4   2.9  25.7   13:00   ENE
26  10.9  15.1   15:30   7.9    5:00   7.0   0.0   0.0   7.7  38.6   16:30   WNW
27   8.8  11.4   18:30   5.8   00:00   9.5   0.0   6.8   2.6  45.1    0:30   ENE
28  10.0  14.6   16:00   5.1    2:00   8.3   0.0   0.0   4.0  27.4   16:30   ENE
29  13.5  17.7   16:00   8.6    2:00   4.8   0.0   0.0   3.9  24.1   16:30   WNW
30  16.7  20.4   15:30  11.1    1:30   2.1   0.5   0.0   4.2  25.7   14:30   WNW
31  15.9  19.9   14:30  12.3   00:00   2.6   0.3   0.0   3.2  24.1   15:00   ENE
-------------------------------------------------------------------------------------
    11.3  20.6    25     5.1    28   216.8   1.1  41.6   4.6  64.4     8     ENE

Max >=  32.0:  0
Max <=   0.0:  0
Min <=   0.0:  0
Min <= -18.0:  0
Max Rain: 16.21 ON 05/03/17
Days of Rain: 8 (> .2 mm) 4 (> 2 mm) 0 (> 20 mm)
Heat Base:  18.3  Cool Base:  18.3  Method: Integration

Torna Indietro -> Dati Storici – NOAA Report