MONTHLY CLIMATOLOGICAL SUMMARY for MAR. 2016

NAME: Meteo Ariccia .it   CITY: Ariccia   STATE: RM 
ELEV:   500 m  LAT:  41° 43' 16" N  LONG:  12° 40' 18" E

                   TEMPERATURE (°C), RAIN  (mm), WIND SPEED (km/hr)

                                      HEAT  COOL        AVG
    MEAN                              DEG   DEG         WIND                 DOM
DAY TEMP  HIGH   TIME   LOW    TIME   DAYS  DAYS  RAIN  SPEED HIGH   TIME    DIR
------------------------------------------------------------------------------------
 1   9.3  12.6   15:00   6.5    0:30   9.0   0.0   3.2   5.0  32.2    0:30   ENE
 2   9.1  12.7   15:30   6.2    3:30   9.2   0.0   1.6   5.1  32.2   13:00   WNW
 3   7.2   9.7    1:30   3.2   13:00  11.1   0.0  11.6   9.7  62.8   11:00   WNW
 4   6.4  10.9   16:30   2.9    7:30  11.9   0.0   0.0   6.3  40.2   14:00   WNW
 5   8.5  10.9   20:30   5.4    0:30   9.8   0.0  10.4  10.3  45.1   16:00   ENE
 6   8.1  12.8   14:30   5.7    3:00  10.2   0.0   2.0   1.6  20.9   21:00   ENE
 7   5.8   9.9   16:00   3.6   21:30  12.5   0.0   3.8   2.1  20.9   10:00   ENE
 8   6.7  10.3   16:30   4.1    5:00  11.6   0.0  12.2   3.9  25.7   14:00   ENE
 9   5.4   7.4   17:00   3.6    5:00  12.9   0.0  32.0   3.7  29.0    0:30   ENE
10   6.6   9.8   12:00   3.3    7:30  11.7   0.0   1.4   2.7  29.0   11:30   ENE
11   9.4  14.4   16:30   4.4    1:30   8.9   0.0   0.0   2.7  20.9   13:00   ENE
12  11.9  15.7   13:30   9.2    7:00   6.4   0.0   0.0   4.2  27.4   15:30   ENE
13  10.9  14.1   15:00   8.1    5:00   7.4   0.0   0.0   5.1  33.8   10:30   WNW
14  10.3  14.6   14:00   7.5   23:30   8.0   0.0   3.4   3.4  24.1    8:00   ENE
15   8.4  11.9   16:30   5.8   23:00   9.8   0.0   4.6   2.6  22.5   14:30   ENE
16   8.8  12.5   15:30   6.3    6:30   9.5   0.0   0.0   4.3  27.4   11:00   ENE
17  10.7  13.7   10:30   7.2    2:30   7.6   0.0   0.0   2.6  19.3    6:30   ENE
18   9.9  12.9   12:00   8.1    6:30   8.4   0.0   0.2   1.6  16.1   11:30   WNW
19  10.4  14.7   14:30   6.8   00:00   7.9   0.0   0.0   3.7  27.4   15:30   WNW
20  10.4  15.4   15:00   6.4    6:30   7.8   0.0   0.0   3.4  17.7   19:30   ENE
21  14.6  17.5   11:30  10.2    2:30   3.7   0.0   0.0   8.4  41.8   16:30   ENE
22  16.3  19.4   13:00  11.4    6:30   2.1   0.1   0.0   8.7  61.2   23:00   ENE
23  11.2  17.6    0:30   7.1   00:00   7.2   0.0   0.0  10.5  53.1   13:00   WNW
24   8.1  11.6   15:00   4.9   23:30  10.2   0.0   6.2   1.0  11.3   12:30   ENE
25   9.1  13.3   16:00   6.2    0:30   9.2   0.0   0.0   3.1  22.5    1:30   ENE
26  10.4  13.8   13:30   7.4   22:00   7.9   0.0   2.8   4.0  27.4   11:00   ENE
27  11.0  14.6   14:30   7.2    7:30   7.0   0.0   0.2   3.4  22.5   15:00   WSW
28  10.3  11.9   12:30   8.8   00:00   8.0   0.0   2.2   5.5  29.0    9:30   ENE
29  12.1  16.6   14:00   8.4    6:00   6.2   0.0   0.0   2.1  16.1   15:00   ENE
30  13.2  17.3   15:30  10.6    8:00   5.1   0.0   0.0   8.0  25.7    9:30   ENE
31  17.1  21.0   15:00  12.1    4:30   1.9   0.6   0.0  12.9  53.1   15:30   ENE
-------------------------------------------------------------------------------------
     9.9  21.0    31     2.9     4   259.8   0.7  97.8   4.9  62.8     3     ENE

Max >=  32.0:  0
Max <=   0.0:  0
Min <=   0.0:  0
Min <= -18.0:  0
Max Rain: 32.00 ON 09/03/16
Days of Rain: 16 (> .2 mm) 12 (> 2 mm) 1 (> 20 mm)
Heat Base:  18.3  Cool Base:  18.3  Method: Integration

Torna Indietro -> Dati Storici – NOAA Report