MONTHLY CLIMATOLOGICAL SUMMARY for MAR. 2015

NAME: Meteo Ariccia .it   CITY: Ariccia   STATE: RM 
ELEV:   500 m  LAT:  41° 43' 16" N  LONG:  12° 40' 18" E

                   TEMPERATURE (°C), RAIN  (mm), WIND SPEED (km/hr)

                                      HEAT  COOL        AVG
    MEAN                              DEG   DEG         WIND                 DOM
DAY TEMP  HIGH   TIME   LOW    TIME   DAYS  DAYS  RAIN  SPEED HIGH   TIME    DIR
------------------------------------------------------------------------------------
 1   8.2  11.2   12.30   4.9    6.00  10.1   0.0   0.0   4.0  24.1   14.30     W
 2   9.5  11.3   15.30   7.4    0.30   8.8   0.0   2.0   3.1  22.5   12.00   ENE
 3  11.6  16.2   14.30   8.3    5.30   6.8   0.0   0.2   2.7  19.3   15.30   ENE
 4   9.8  11.7   12.30   7.8    4.00   8.5   0.0  15.4   6.8  30.6   11.00   ENE
 5   5.2   9.5    0.30   2.9   20.30  13.1   0.0  30.4  11.3  61.2   21.00   ENE
 6   6.7  11.5   15.00   2.9    3.00  11.6   0.0   0.0  10.1  54.7    2.30   NNE
 7   6.2  10.2   13.30   3.5    5.00  12.1   0.0   0.0   8.7  43.5   16.30   NNE
 8   8.1  11.8   15.00   4.9    0.30  10.2   0.0   0.0   4.7  25.7    5.30   ENE
 9   8.2  12.3   15.00   4.6    6.00  10.1   0.0   0.0   3.4  24.1   14.30   ENE
10   8.2  11.2   17.00   5.6    3.30  10.1   0.0   0.0   3.1  24.1   11.30     W
11   8.6  12.1   13.00   5.4    7.00   8.5   0.0   0.0   2.9  20.9   14.00   WNW
12
13
14
15
16
17
18
19
20
21
22
23
24
25
26  13.6  18.3   13.30  10.7    2.30   4.4   0.0   0.0   6.0  32.2    3.30   ENE
27  11.8  14.7   10.30   8.6   00.00   6.5   0.0   0.0   9.2  45.1   16.00   WNW
28  12.1  17.1   16.00   7.9   00.00   6.3   0.0   0.0   7.4  46.7   18.00   WNW
29  11.5  15.5   16.30   6.8    5.30   6.5   0.0   0.0   5.3  27.4   13.00     W
30  11.7  16.1   16.30   9.4    8.30   6.7   0.0   2.4   6.9  33.8    8.00   ENE
31  13.2  18.2   13.00   9.8    7.30   5.1   0.0   0.0   7.1  35.4   22.00   ENE
-------------------------------------------------------------------------------------
     9.7  18.3    26     2.9     5   145.1   0.0  50.4   6.0  61.2     5     ENE

Max >=  32.0:  0
Max <=   0.0:  0
Min <=   0.0:  0
Min <= -18.0:  0
Max Rain: 30.40 ON 05/03/15
Days of Rain: 5 (> .2 mm) 4 (> 2 mm) 1 (> 20 mm)
Heat Base:  18.3  Cool Base:  18.3  Method: Integration

Torna Indietro -> Dati Storici – NOAA Report