MONTHLY CLIMATOLOGICAL SUMMARY for MAR. 2013

NAME: Meteo Ariccia .it   CITY: Ariccia   STATE: RM 
ELEV:   500 m  LAT:  41° 43' 16" N  LONG:  12° 40' 18" E

                   TEMPERATURE (°C), RAIN  (mm), WIND SPEED (km/hr)

                                      HEAT  COOL        AVG
    MEAN                              DEG   DEG         WIND                 DOM
DAY TEMP  HIGH   TIME   LOW    TIME   DAYS  DAYS  RAIN  SPEED HIGH   TIME    DIR
------------------------------------------------------------------------------------
 1   9.9  11.9   15.00   7.6    1.00   8.4   0.0   0.0   4.5  25.7    7.30    NE
 2  10.5  13.2   15.00   7.9   20.30   7.8   0.0   0.0   6.4  35.4    8.30    NE
 3   8.8  12.7   14.30   6.0    6.30   9.5   0.0   0.0   3.1  17.7   14.00    SW
 4   8.5  12.9   15.00   5.5    4.30   9.8   0.0   0.2   5.6  25.7   13.30    NE
 5  10.2  12.3   12.00   6.7    0.30   8.2   0.0   0.4  11.3  57.9   23.30     E
 6  11.6  13.4    1.30   9.5   13.30   6.7   0.0  59.2  22.4  78.9    8.30    SE
 7  11.2  12.2   13.30  10.6    8.00   7.1   0.0   7.8   9.3  33.8    4.30    SE
 8  10.8  12.9   16.30  10.0   22.30   7.5   0.0  13.8  11.7  41.8   12.00   ESE
 9  11.6  14.9   15.00   9.6    5.30   6.7   0.0   1.0   8.7  38.6   22.30    SE
10  10.6  13.6   12.00   8.7   21.00   7.7   0.0  20.0   8.5  43.5   18.30    SE
11  10.0  12.9   13.30   6.4   00.00   8.3   0.0   8.2   7.4  33.8   23.30     S
12   8.1  10.9   13.30   6.0   23.00  10.2   0.0  19.4   6.4  41.8   15.00     N
13   7.1   9.2   13.30   5.3   00.00  11.2   0.0  13.8   6.0  30.6   14.30     E
14   6.4  10.1   15.00   4.0   00.00  11.9   0.0   0.2   9.5  53.1   17.30     N
15   4.8   8.7   17.00   1.8   00.00  13.5   0.0   0.0   6.0  30.6   19.00     N
16   4.1   7.1   11.30   0.9    6.00  14.3   0.0   0.2   4.2  24.1   11.00    SE
17   6.4   8.1   21.30   3.7    1.30  11.9   0.0   2.4  17.1  74.0   00.00   ESE
18   9.3  11.1   17.00   7.7    0.30   9.0   0.0  21.4  19.2  67.6    2.30    SE
19   8.8  11.7   14.00   7.1    7.00   9.5   0.0   0.0   7.4  35.4    4.30    SW
20   8.7  11.4   12.30   6.8   16.30   9.6   0.0  10.0  14.0  46.7   18.30     E
21   8.7  12.5   16.30   5.1    7.00   9.6   0.0   0.4  10.0  53.1   15.00     W
22   9.5  14.7   14.30   5.2    5.30   8.8   0.0   0.0   4.7  24.1   15.00   NNE
23  10.4  13.8   16.30   6.7    0.30   7.9   0.0   0.2   7.1  30.6   16.30    SE
24  14.3  18.6   13.00  11.6    1.30   4.0   0.0   0.0  14.6  54.7   15.00    SE
25   9.3  13.0    1.00   6.1   00.00   9.0   0.0  32.6   7.7  48.3    0.30    NW
26   8.2   9.7   10.30   6.1    0.30  10.1   0.0  13.6   4.2  22.5    0.30     E
27   9.7  13.4   15.30   6.9    5.30   8.6   0.0   0.0   5.6  24.1   15.30     S
28  10.1  11.3   17.30   8.4    0.30   8.2   0.0   3.6   9.7  37.0   19.00     E
29  11.8  14.6   15.30  10.3    0.30   6.4   0.0   0.2  12.6  33.8    0.30    SE
30  11.2  12.5   14.30   9.5   22.00   7.1   0.0   6.8  16.4  53.1   13.00    SE
31   9.7  11.6   13.00   8.1    5.00   8.3   0.0   9.4  10.1  43.5   17.00    SW
-------------------------------------------------------------------------------------
     9.4  18.6    24     0.9    16   276.8   0.0 244.8   9.4  78.9     6      SE

Max >=  32.0:  0
Max <=   0.0:  0
Min <=   0.0:  0
Min <= -18.0:  0
Max Rain: 59.21 ON 06/03/13
Days of Rain: 23 (> .2 mm) 15 (> 2 mm) 3 (> 20 mm)
Heat Base:  18.3  Cool Base:  18.3  Method: Integration

Torna Indietro -> Dati Storici – NOAA Report