MONTHLY CLIMATOLOGICAL SUMMARY for MAY. 2018

NAME: Meteo Ariccia .it   CITY: Ariccia   STATE: RM 
ELEV:   500 m  LAT:  41° 43' 16" N  LONG:  12° 40' 18" E

                   TEMPERATURE (°C), RAIN  (mm), WIND SPEED (km/hr)

                                      HEAT  COOL        AVG
    MEAN                              DEG   DEG         WIND                 DOM
DAY TEMP  HIGH   TIME   LOW    TIME   DAYS  DAYS  RAIN  SPEED HIGH   TIME    DIR
------------------------------------------------------------------------------------
 1  14.5  18.7   18:00  11.3    1:30   3.8   0.0   0.4   1.6  16.1   16:30   WNW
 2  19.2  22.2   15:00  14.4    1:00   0.7   1.6   0.0   5.0  37.0   23:00   ENE
 3  16.3  19.7    1:00  12.0   22:30   2.3   0.3  11.6   5.5  46.7    4:00   ENE
 4  13.8  17.1   12:30  11.8    6:30   4.5   0.0   4.2   6.1  43.5   16:00   ENE
 5  14.5  18.0   14:00  12.3   00:00   3.8   0.0   0.2   2.7  25.7    0:30   ENE
 6  14.6  17.3   17:00  12.3    0:30   3.7   0.0   0.0   2.6  19.3   14:30   WNW
 7  15.4  19.1   15:00  12.6    6:00   3.0   0.0   9.2   2.4  22.5   11:00   WNW
 8  14.8  17.7   12:30  13.1    4:00   3.5   0.0   8.0   1.0  14.5   10:00   ENE
 9  15.1  19.8   14:30  13.2    4:30   3.2   0.0   5.2   0.8  14.5   14:30   ENE
10  15.6  19.7   11:30  12.3    6:30   2.7   0.0   1.4   1.9  17.7   13:00   ENE
11  16.8  20.2   17:30  13.3    5:30   1.9   0.3   0.0   2.6  22.5   15:30   WNW
12  16.3  20.6   17:30  12.2    4:00   2.3   0.4   0.2   1.1  17.7   17:00   WSW
13  16.3  20.2   15:00  13.0    2:30   2.3   0.3   0.2   2.9  24.1   22:30   ENE
14  12.6  14.8    0:30   9.3   00:00   5.7   0.0   6.4   5.8  37.0   14:30   WNW
15  10.5  14.1   16:00   7.9   12:00   7.8   0.0  16.0   2.3  30.6   16:30   ENE
16  13.1  17.9   15:00   9.3    4:00   5.2   0.0  11.0   3.7  24.1   12:00   ENE
17  14.7  19.8   13:30  10.0    5:30   3.7   0.1   0.0   2.1  19.3   14:30   ENE
18  16.2  20.2   13:30  11.2    4:00   2.4   0.3   0.0   2.7  19.3   13:30   WNW
19  17.4  21.4   15:00  12.7    5:00   1.8   0.8   0.0   3.4  24.1   14:00   ENE
20  18.8  22.8   15:30  14.2    6:30   0.9   1.4   0.0   3.2  24.1   14:00   ENE
21  18.1  21.2    9:30  15.6   23:30   0.7   0.5   1.0   2.3  19.3   17:30   ENE
22  17.0  21.3   14:00  14.9   00:00   1.7   0.4   3.2   3.7  27.4   13:30   ENE
23  15.7  17.9   12:30  14.0    5:00   2.6   0.0  14.6   3.5  24.1   12:00   WNW
24  18.7  22.9   14:30  14.8    5:30   0.9   1.2   0.2   3.1  25.7   17:00   NNE
25  19.7  23.7   18:30  15.6    6:00   0.4   1.8   0.0   2.4  20.9   16:30   WNW
26  21.3  25.9   13:00  16.6    5:30   0.3   3.4   0.0   2.6  16.1   13:30   ENE
27  21.7  27.1   15:00  18.2   23:30   0.0   3.4   0.0   3.2  19.3   15:00   ENE
28  20.9  25.5   13:00  17.3    5:30   0.1   2.7   0.0   1.4  16.1   12:00   ENE
29  22.7  28.2   14:30  18.2    4:30   0.0   4.4   0.0   2.3  17.7   17:00   ENE
30  23.7  28.0   13:00  18.8   00:00   0.0   5.3   0.0   3.1  30.6    6:30   ENE
31  20.9  25.2   12:30  16.3    4:30   0.2   2.9   0.0   2.7  24.1   16:30   WNW
-------------------------------------------------------------------------------------
    17.0  28.2    29     7.9    15    72.1  31.7  93.0   2.9  46.7     3     ENE

Max >=  32.0:  0
Max <=   0.0:  0
Min <=   0.0:  0
Min <= -18.0:  0
Max Rain: 16.00 ON 15/05/18
Days of Rain: 17 (> .2 mm) 10 (> 2 mm) 0 (> 20 mm)
Heat Base:  18.3  Cool Base:  18.3  Method: Integration

Torna Indietro -> Dati Storici – NOAA Report