MONTHLY CLIMATOLOGICAL SUMMARY for MAY. 2017

NAME: Meteo Ariccia .it   CITY: Ariccia   STATE: RM 
ELEV:   500 m  LAT:  41° 43' 16" N  LONG:  12° 40' 18" E

                   TEMPERATURE (°C), RAIN  (mm), WIND SPEED (km/hr)

                                      HEAT  COOL        AVG
    MEAN                              DEG   DEG         WIND                 DOM
DAY TEMP  HIGH   TIME   LOW    TIME   DAYS  DAYS  RAIN  SPEED HIGH   TIME    DIR
------------------------------------------------------------------------------------
 1  13.1  18.1   13:30   8.3    7:00   5.2   0.0   0.0   2.4  27.4   15:30   ENE
 2  14.1  18.8   15:30   9.6    7:00   4.2   0.0   0.0   4.3  30.6   16:00   WNW
 3  14.6  19.7   14:00  10.7    2:30   3.8   0.1   0.0   2.7  20.9   15:30   ENE
 4  14.4  18.6   16:00   9.8    4:30   3.9   0.0   0.0   2.1  20.9   13:00   WNW
 5  15.6  19.6   14:00  11.9    6:00   2.8   0.1   0.0   3.2  22.5   15:30   ENE
 6  16.7  21.8   17:00  12.7    1:30   2.0   0.4   0.4   6.0  35.4   18:30   ENE
 7  14.8  18.4   15:30  11.6    7:00   3.5   0.0   0.0   6.9  32.2    1:00   WNW
 8  14.4  18.7   12:30  10.2    6:30   3.9   0.0   0.0   4.5  32.2   19:30   WNW
 9  14.5  19.1   13:30   9.3    6:00   3.8   0.0   0.0   4.5  35.4   15:00   ENE
10  15.1  20.3   15:30  10.1    6:30   3.4   0.2   0.0   3.4  22.5   11:30   ENE
11  19.0  23.4   13:30  14.9    0:30   0.7   1.4   0.0   8.0  33.8   17:30   ENE
12  19.3  24.6   13:30  14.6    6:30   0.6   1.6   0.0   2.9  22.5   23:30   ENE
13  17.3  21.5   18:30  12.7    5:30   1.8   0.8   0.0   3.9  29.0   16:00   WNW
14  17.8  22.3   13:30  13.2    0:30   1.6   1.1   0.0   2.1  24.1   13:30   WNW
15  18.7  23.2   14:30  15.1    5:00   1.0   1.4   0.0   4.2  29.0   14:30   WNW
16  19.7  25.2   13:30  13.8    6:00   1.0   2.4   0.0   3.7  25.7   12:30   ENE
17  21.1  24.7   11:30  16.8   23:00   0.1   2.9   0.0   4.2  24.1   16:30   ENE
18  20.1  24.5   15:00  16.8   00:00   0.4   2.2   0.0   3.9  22.5   15:30   ENE
19  18.8  23.3   13:00  15.6    6:30   0.8   1.4   3.0   5.3  27.4   11:00   ENE
20  15.1  18.4   11:30   9.4    2:30   3.2   0.0  40.4   5.6  32.2   16:00   ENE
21  16.4  21.6   17:30  11.4    6:30   2.7   0.8   0.0   6.4  35.4   16:00   WNW
22  18.4  23.4   13:30  13.1    4:00   1.5   1.6   0.0   2.9  20.9   12:30   ENE
23  18.8  23.4   14:30  14.1    6:30   1.2   1.7   0.0   2.9  19.3   17:00   ENE
24  19.7  24.4   15:30  14.8    6:00   0.8   2.2   0.0   3.1  22.5   14:30   WNW
25  18.5  23.8   14:30  14.7    6:00   0.8   0.9   1.4   0.8  17.7   14:00   ENE
26  18.2  23.6   15:30  12.7    6:00   1.2   1.1   0.0   2.6  22.5   18:00   ENE
27  19.1  23.6   15:30  14.7    0:30   0.7   1.4   0.0   3.7  22.5    4:00   ENE
28  20.6  25.6   14:30  15.3    5:00   0.3   2.6   0.0   4.3  33.8   15:30   ENE
29  20.1  24.7   13:30  15.0    2:30   0.6   2.3   0.0   3.5  24.1   16:00   ENE
30  19.7  24.4   12:00  15.7    6:00   0.7   2.1   0.0   2.9  25.7   14:00   WNW
31  19.3  23.9   14:30  14.7    4:00   0.8   1.6   0.0   3.1  27.4   15:00   ENE
-------------------------------------------------------------------------------------
    17.5  25.6    28     8.3     1    58.9  34.5  45.2   3.9  35.4     6     ENE

Max >=  32.0:  0
Max <=   0.0:  0
Min <=   0.0:  0
Min <= -18.0:  0
Max Rain: 40.41 ON 20/05/17
Days of Rain: 4 (> .2 mm) 2 (> 2 mm) 1 (> 20 mm)
Heat Base:  18.3  Cool Base:  18.3  Method: Integration

Torna Indietro -> Dati Storici – NOAA Report