MONTHLY CLIMATOLOGICAL SUMMARY for MAY. 2016

NAME: Meteo Ariccia .it   CITY: Ariccia   STATE: RM 
ELEV:   500 m  LAT:  41° 43' 16" N  LONG:  12° 40' 18" E

                   TEMPERATURE (°C), RAIN  (mm), WIND SPEED (km/hr)

                                      HEAT  COOL        AVG
    MEAN                              DEG   DEG         WIND                 DOM
DAY TEMP  HIGH   TIME   LOW    TIME   DAYS  DAYS  RAIN  SPEED HIGH   TIME    DIR
------------------------------------------------------------------------------------
 1  11.1  14.1   12:00   6.5   00:00   7.2   0.0  16.4   3.2  25.7   17:30   WNW
 2  10.1  14.5   14:00   6.2    1:00   8.3   0.0   2.4   3.9  32.2   17:00   WNW
 3  14.7  19.1   15:30  10.5    0:30   3.6   0.1   0.2  10.5  46.7    7:00   WNW
 4  16.0  20.2   17:30  11.4    5:30   2.4   0.2   0.0   5.1  27.4   20:00   WNW
 5  13.4  18.2   15:00   9.8    6:30   4.9   0.0   5.8   3.9  27.4   15:00   ENE
 6  14.8  20.1   13:30   8.9    6:30   3.7   0.2   0.0   3.2  22.5   14:30   ENE
 7  16.1  20.4   14:00  12.4    5:00   2.5   0.3   0.0   2.4  19.3   11:30   ENE
 8  16.3  20.3   15:30  12.6    1:00   2.3   0.3   0.0   2.1  22.5   16:00   ENE
 9  17.2  21.4   16:00  13.9    0:30   1.8   0.6   0.0   3.5  20.9   13:00   ENE
10  19.0  22.8   13:00  15.9    5:30   0.7   1.4   0.0   6.0  29.0   23:30   ENE
11  17.9  21.5   12:00  13.9    8:30   1.0   0.7   2.8   4.0  57.9    8:30   ENE
12  14.7  16.7   18:30  12.7    8:00   3.6   0.0  13.8   4.0  30.6   16:00   WSW
13  15.0  18.2   17:00  12.6    6:00   3.3   0.0   0.0   2.1  32.2   15:30   WNW
14  12.8  13.8   18:30  11.5   11:00   5.5   0.0  42.6   2.4  25.7   12:30   ENE
15  14.2  18.4   14:00  12.4    5:00   4.1   0.0   7.0   2.3  24.1   14:00   ENE
16  14.3  18.2   13:00  10.5    5:00   4.0   0.0   0.2   2.1  25.7   14:30   WNW
17  13.3  17.2   14:30  10.5   00:00   5.0   0.0   6.4   1.6  19.3    7:30   ENE
18  14.4  19.2   16:00   9.9    6:30   3.9   0.0   0.2   3.1  20.9   14:30   ENE
19  14.3  17.5   13:30  12.3   22:30   4.0   0.0   0.0   4.5  30.6   21:30   ENE
20  13.9  18.7   18:00  10.3    5:00   4.4   0.0   0.4   6.3  43.5   14:30   WNW
21  18.3  23.8   17:00  13.1    4:00   1.7   1.6   0.0   7.1  40.2   14:30   WNW
22  19.3  24.5   16:00  14.1    4:00   1.0   2.0   0.0   4.8  20.9    9:30   ENE
23  15.7  19.5   10:30  12.0   22:30   2.7   0.1   0.0   8.5  37.0   15:30   ENE
24  14.5  18.4   14:00  11.7    3:00   3.8   0.0   0.0   6.1  32.2   13:00   WNW
25  15.7  20.8   16:30  10.6    5:30   3.0   0.4   0.0   2.1  19.3   17:30   ENE
26  17.4  23.2   13:30  11.3    3:00   2.2   1.4   0.0   2.1  17.7   13:00   ENE
27  21.9  27.4   16:00  15.6    6:30   0.3   3.9   0.0   3.9  20.9   13:30   ENE
28  21.4  25.2   17:00  17.3   21:30   0.0   3.1   0.0   5.8  33.8   10:00   ENE
29  20.2  25.9    2:00  15.2   23:30   0.5   2.4   0.2   4.5  25.7   12:00   ENE
30  16.6  19.8   15:30  13.8    2:00   1.9   0.2   0.0   1.8  22.5   13:00   ENE
31  17.3  22.0   19:00  12.3    6:30   2.0   1.0   0.0   1.9  20.9   15:30   ENE
-------------------------------------------------------------------------------------
    15.9  27.4    27     6.2     2    95.5  19.8  98.4   4.0  57.9    11     ENE

Max >=  32.0:  0
Max <=   0.0:  0
Min <=   0.0:  0
Min <= -18.0:  0
Max Rain: 42.60 ON 14/05/16
Days of Rain: 13 (> .2 mm) 8 (> 2 mm) 1 (> 20 mm)
Heat Base:  18.3  Cool Base:  18.3  Method: Integration

Torna Indietro -> Dati Storici – NOAA Report