MONTHLY CLIMATOLOGICAL SUMMARY for MAY. 2013
NAME: Meteo Ariccia .it CITY: Ariccia STATE: RM
ELEV: 500 m LAT: 41° 43' 16" N LONG: 12° 40' 18" E
TEMPERATURE (°C), RAIN (mm), WIND SPEED (km/hr)
HEAT COOL AVG
MEAN DEG DEG WIND DOM
DAY TEMP HIGH TIME LOW TIME DAYS DAYS RAIN SPEED HIGH TIME DIR
------------------------------------------------------------------------------------
1 21.3 25.4 13.00 16.2 22.30 0.2 3.2 3.4 9.0 37.0 0.30 E
2 18.1 22.7 16.00 14.8 7.00 1.0 0.7 4.4 6.8 29.0 1.00 N
3 19.5 24.2 16.00 14.2 6.30 0.5 1.7 0.0 6.4 22.5 3.00 NW
4 20.2 24.4 16.00 16.7 0.30 0.3 2.2 0.0 5.8 30.6 1.00 SW
5 17.1 20.1 0.30 14.5 12.00 1.4 0.2 1.2 9.0 33.8 13.00 NW
6 14.8 17.4 13.00 12.9 00.00 3.5 0.0 35.6 7.4 29.0 18.30 S
7 14.3 16.9 12.00 12.4 23.30 4.0 0.0 11.0 4.5 22.5 1.00 E
8 15.8 20.1 14.00 12.4 0.30 2.6 0.1 0.0 4.7 19.3 14.00 NE
9 17.2 21.3 15.30 13.3 4.00 1.7 0.6 0.0 5.1 19.3 13.30 N
10 16.6 19.4 14.00 13.9 7.00 1.8 0.1 0.0 4.3 22.5 12.30 S
11 15.2 17.8 14.00 12.2 00.00 3.1 0.0 0.0 6.4 30.6 14.30 S
12 14.4 18.4 15.00 10.6 4.00 3.9 0.0 0.2 7.2 30.6 16.30 NW
13 15.6 19.7 16.30 11.6 6.30 3.0 0.2 0.0 7.9 43.5 18.00 W
14 16.7 21.0 15.30 12.2 7.00 2.1 0.5 0.0 5.5 25.7 16.00 S
15 15.4 18.4 13.00 13.4 2.00 2.9 0.0 0.0 11.7 45.1 16.30 SE
16 16.6 20.6 16.30 13.3 7.30 2.0 0.3 17.0 12.7 62.8 8.00 E
17 14.8 17.4 17.00 12.4 11.30 3.5 0.0 1.8 10.0 46.7 11.00 SE
18 17.9 23.4 16.00 12.5 0.30 2.1 1.6 0.0 9.5 37.0 8.00 SE
19 15.7 19.9 0.30 12.8 00.00 2.7 0.1 0.0 7.6 29.0 1.00 WSW
20 14.6 18.1 15.30 10.7 6.30 3.8 0.0 0.2 4.3 24.1 12.30 SW
21 14.4 19.2 12.00 10.3 5.00 3.9 0.0 5.0 5.6 33.8 21.00 NNE
22 17.5 22.8 13.00 13.3 00.00 1.5 0.6 25.2 7.6 38.6 18.00 NE
23 13.2 15.2 20.00 12.2 9.00 5.1 0.0 30.6 6.3 38.6 16.30 W
24 13.1 14.3 11.00 12.2 7.00 3.0 0.0 0.0 8.7 43.5 13.00 SW
25
26
27
28
29
30
31
-------------------------------------------------------------------------------------
16.2 25.4 1 10.3 21 59.4 12.1 135.6 7.3 62.8 16 SE
Max >= 32.0: 0
Max <= 0.0: 0
Min <= 0.0: 0
Min <= -18.0: 0
Max Rain: 35.61 ON 06/05/13
Days of Rain: 12 (> .2 mm) 8 (> 2 mm) 3 (> 20 mm)
Heat Base: 18.3 Cool Base: 18.3 Method: Integration
Torna Indietro -> Dati Storici – NOAA Report