MONTHLY CLIMATOLOGICAL SUMMARY for JUL. 2016

NAME: Meteo Ariccia .it   CITY: Ariccia   STATE: RM 
ELEV:   500 m  LAT:  41° 43' 16" N  LONG:  12° 40' 18" E

                   TEMPERATURE (°C), RAIN  (mm), WIND SPEED (km/hr)

                                      HEAT  COOL        AVG
    MEAN                              DEG   DEG         WIND                 DOM
DAY TEMP  HIGH   TIME   LOW    TIME   DAYS  DAYS  RAIN  SPEED HIGH   TIME    DIR
------------------------------------------------------------------------------------
 1  24.3  28.9   13:00  18.9    3:30   0.0   6.0   0.0   2.9  22.5   14:00   WNW
 2  24.7  29.4   13:00  19.6    4:30   0.0   6.4   0.0   3.1  22.5   13:00   ENE
 3  23.1  28.0   14:00  18.3    5:30   0.0   4.8   0.0   2.3  20.9   12:30   ENE
 4  23.6  28.7   12:30  18.3    6:30   0.0   5.3   0.0   2.1  17.7   13:30   ENE
 5  24.1  29.4   15:00  20.0   00:00   0.0   5.8   0.0   2.6  19.3   15:30   ENE
 6  23.4  28.0   19:00  18.3    4:00   0.0   5.2   0.0   2.1  20.9   15:00   ENE
 7  24.6  29.7   12:30  19.7    6:00   0.0   6.3   0.0   1.8  22.5   14:00   WNW
 8  25.2  31.0   13:00  20.5   00:00   0.0   6.9   0.0   2.7  25.7   15:30   WNW
 9  23.9  29.1   13:00  19.4    5:30   0.0   5.6   0.0   2.1  22.5   15:30   ENE
10  24.8  30.5   14:00  20.1    1:00   0.0   6.5   0.0   1.6  19.3   14:00   ENE
11  26.1  30.9   16:00  21.6    5:00   0.0   7.8   0.0   2.4  16.1   13:00   ENE
12  26.2  31.5   13:30  21.3    6:30   0.0   7.8   0.0   2.4  19.3   14:30   ENE
13  24.7  29.9   14:00  20.2    6:30   0.0   6.4   0.0   2.6  22.5   15:00   ENE
14  20.6  25.1   12:00  16.5   00:00   0.2   2.4   0.0   3.4  30.6   17:30   WNW
15  17.7  22.7   16:00  15.4   12:00   1.1   0.5   3.8   7.6  53.1   17:00   WNW
16  18.3  22.8   16:00  14.6    5:30   1.2   1.3   0.0   8.4  41.8    1:30   WNW
17  19.9  24.4   15:30  13.6    6:30   0.7   2.3   0.0   5.3  38.6   16:00   WNW
18  23.6  28.8   15:00  17.7    5:00   0.0   5.3   0.0   4.0  27.4   15:30   WNW
19  26.1  32.0   15:00  19.7    6:00   0.0   7.8   0.0   3.1  25.7   15:30   ENE
20  26.1  29.6   13:00  20.3    6:30   0.0   7.8   0.0   3.9  25.7   15:30   ENE
21  24.9  30.6   13:00  19.6   00:00   0.0   6.6   0.0   3.1  22.5   17:00   ENE
22  24.5  29.9   14:30  18.9    3:00   0.0   6.2   0.0   3.7  19.3   13:00   ENE
23  26.1  31.0   13:30  21.7    5:30   0.0   6.2   0.0   2.7  29.0   16:00   ENE
24  24.1  29.4   13:30  19.3   00:00   0.0   5.7   0.2   3.5  32.2   10:30   ENE
25  21.1  27.5   12:00  17.7   22:30   0.0   2.8   0.2   2.4  19.3   15:00   ENE
26  24.3  29.1   15:30  19.3    0:30   0.0   6.1   0.6   2.6  24.1    5:30   WNW
27  25.3  30.1   15:30  20.4    5:30   0.0   6.4   0.0   1.8  19.3   13:30   ENE
28  23.9  28.1   14:30  19.3    6:00   0.0   5.6   0.0   2.4  24.1   16:00   WNW
29  23.7  28.3   13:30  19.1    6:30   0.0   5.3   0.0   2.3  20.9   12:30   WNW
30  24.6  29.7   13:30  20.1    6:00   0.0   6.3   0.0   2.1  22.5   16:30   ENE
31  25.2  29.9   15:30  20.9    4:00   0.0   6.9   0.0   2.7  16.1   13:30   ENE
-------------------------------------------------------------------------------------
    23.8  32.0    19    13.6    17     3.2 172.5   4.8   3.1  53.1    15     ENE

Max >=  32.0:  1
Max <=   0.0:  0
Min <=   0.0:  0
Min <= -18.0:  0
Max Rain: 3.81 ON 15/07/16
Days of Rain: 4 (> .2 mm) 1 (> 2 mm) 0 (> 20 mm)
Heat Base:  18.3  Cool Base:  18.3  Method: Integration

Torna Indietro -> Dati Storici – NOAA Report