MONTHLY CLIMATOLOGICAL SUMMARY for JUL. 2015

NAME: Meteo Ariccia .it   CITY: Ariccia   STATE: RM 
ELEV:   500 m  LAT:  41° 43' 16" N  LONG:  12° 40' 18" E

                   TEMPERATURE (°C), RAIN  (mm), WIND SPEED (km/hr)

                                      HEAT  COOL        AVG
    MEAN                              DEG   DEG         WIND                 DOM
DAY TEMP  HIGH   TIME   LOW    TIME   DAYS  DAYS  RAIN  SPEED HIGH   TIME    DIR
------------------------------------------------------------------------------------
 1  23.8  29.0   14.00  18.8    4.00   0.0   5.5   0.0   3.2  24.1   14.30   ENE
 2  24.4  28.5   14.30  19.7    5.00   0.0   6.1   0.0   2.9  17.7   13.30   ENE
 3  25.5  31.3   14.30  21.2    3.30   0.0   7.2   0.2   2.1  22.5   15.00   ENE
 4  26.2  30.8   15.30  21.7    2.00   0.0   7.9   0.0   4.2  27.4   15.30   ENE
 5  25.4  30.7   17.30  21.3    4.30   0.0   7.2   0.0   3.7  17.7   10.30   ENE
 6  25.4  30.1   16.30  21.3    5.00   0.0   7.1   0.0   2.4  20.9   14.30   ENE
 7  25.9  30.2   13.00  22.3    6.30   0.0   7.6   0.0   1.8  19.3   15.30   ENE
 8  25.7  29.6   12.30  21.9   00.00   0.0   7.4   0.0   1.9  20.9   15.00   ENE
 9  24.2  29.1   14.30  19.6   23.30   0.0   5.8   0.0   2.7  24.1   14.00   ENE
10  25.2  29.5   15.00  19.3    1.00   0.0   6.9   0.0   3.1  27.4   15.30     W
11  25.1  29.2   16.30  21.0    6.00   0.0   6.8   0.0   3.7  25.7   17.00   ENE
12  24.7  29.1   15.00  20.7    6.30   0.0   6.4   0.0   2.1  20.9   14.30   WNW
13  24.1  28.4   14.30  19.2    3.00   0.0   5.8   0.0   1.9  20.9   13.30   WNW
14  25.6  30.0   14.00  21.2    5.00   0.0   7.3   0.0   2.4  22.5   14.30   WNW
15  27.5  32.2   13.00  23.4    2.30   0.0   9.2   0.0   1.9  17.7   14.00   ENE
16  28.2  33.1   19.00  23.5    5.00   0.0   9.9   0.0   2.9  19.3   14.30   ENE
17  28.1  33.4   13.00  22.4    6.00   0.0   9.7   0.0   2.7  17.7   15.00    NE
18  27.7  33.2   14.00  22.6    6.30   0.0   9.4   0.0   3.5  24.1   16.30   NNE
19  26.7  30.9   15.30  21.3    5.00   0.0   8.3   0.0   3.7  22.5   16.30   WNW
20  28.1  32.3   13.00  23.7    2.30   0.0   9.7   0.0   3.4  25.7   16.30     W
21  27.8  32.7   14.00  22.8    7.00   0.0   9.5   0.0   2.7  19.3   16.30   ENE
22  27.9  33.1   17.30  23.5    6.30   0.0   9.6   0.0   3.7  38.6   18.30   ENE
23  26.4  32.9   15.30  22.4    5.30   0.0   8.1   0.0   2.9  27.4   19.30    NE
24  25.4  30.8   14.30  21.9   22.00   0.0   7.2   0.0   3.4  30.6   20.00   WNW
25  24.5  27.9   12.00  21.2    3.00   0.0   6.2   0.0   2.9  25.7   18.00   WNW
26  24.3  28.7   15.30  19.7   23.30   0.0   6.0   0.0   2.6  22.5    8.30   ENE
27  23.2  28.7   15.30  19.5    0.30   0.0   4.9   0.0   4.5  24.1   17.30   ENE
28  23.6  27.9   15.00  20.1   00.00   0.0   5.2   0.0   4.0  25.7   14.00   ENE
29  23.5  29.8   14.00  19.0    3.30   0.0   5.2   0.0   4.2  19.3    7.30   ENE
30  24.9  30.5   17.00  20.8    0.30   0.0   6.6   0.0   2.9  38.6   18.00   ENE
31  25.2  29.9   15.30  21.6    5.30   0.0   6.9   0.4   2.6  19.3    8.00   ENE
-------------------------------------------------------------------------------------
    25.6  33.4    17    18.8     1     0.0 226.6   0.6   3.0  38.6    22     ENE

Max >=  32.0:  8
Max <=   0.0:  0
Min <=   0.0:  0
Min <= -18.0:  0
Max Rain: 0.41 ON 31/07/15
Days of Rain: 2 (> .2 mm) 0 (> 2 mm) 0 (> 20 mm)
Heat Base:  18.3  Cool Base:  18.3  Method: Integration

Torna Indietro -> Dati Storici – NOAA Report