MONTHLY CLIMATOLOGICAL SUMMARY for JUL. 2013

NAME: Meteo Ariccia .it   CITY: Ariccia   STATE: RM 
ELEV:   500 m  LAT:  41° 43' 16" N  LONG:  12° 40' 18" E

                   TEMPERATURE (°C), RAIN  (mm), WIND SPEED (km/hr)

                                      HEAT  COOL        AVG
    MEAN                              DEG   DEG         WIND                 DOM
DAY TEMP  HIGH   TIME   LOW    TIME   DAYS  DAYS  RAIN  SPEED HIGH   TIME    DIR
------------------------------------------------------------------------------------
 1  20.6  24.9   14.30  15.8    6.30   0.5   2.8   0.0   6.0  32.2   16.30   NNE
 2  22.3  26.6   13.30  17.7    6.30   0.0   4.1   0.0   6.1  24.1   16.00   NNE
 3  21.3  26.0   14.00  16.6    5.00   0.2   3.3   0.0   6.1  20.9   16.00   NNE
 4  20.1  24.8   15.00  15.7    5.30   0.3   2.1   9.8   6.9  32.2    6.30     N
 5  24.1  29.4   15.00  17.7    4.30   0.0   5.7   0.0   7.2  22.5    1.00   NNE
 6  24.9  29.8   15.00  22.2   22.00   0.0   6.6   0.0   6.6  30.6   15.30    NE
 7  22.8  28.2   13.30  18.8   22.00   0.0   4.5   2.2   5.5  38.6   16.30    NE
 8  21.9  28.1   14.30  18.2    3.00   0.0   3.6   2.4   5.6  32.2   17.00   NNE
 9  21.8  27.5   14.30  17.1    6.00   0.1   3.6   0.2   4.7  25.7   14.30   NNE
10  22.0  26.2   15.30  17.1    5.30   0.1   3.8   0.0   4.7  27.4   16.00   NNE
11  22.1  26.4   12.30  18.6    3.30   0.0   3.8   0.0   3.4  22.5   15.30   NNE
12  23.1  27.2   13.30  18.8    5.00   0.0   4.8   0.2   5.5  24.1   15.00     N
13  23.4  27.7   14.00  18.9    6.30   0.0   5.1   0.0   6.0  24.1   14.30     N
14  23.4  28.0   17.00  18.9    6.30   0.0   5.1   0.0   5.8  24.1   16.30     N
15  22.5  26.8   13.30  18.9    6.30   0.0   4.2   8.8   4.0  30.6   15.30   NNE
16  24.2  28.2   13.00  18.9    6.00   0.0   5.9   0.0   5.5  22.5   14.00   NNE
17  24.4  28.5   15.30  20.2    5.30   0.0   6.1   0.0   5.1  24.1   15.30     S
18  23.6  27.3   14.30  21.1   00.00   0.0   5.3   0.0   4.8  27.4   15.00     E
19  22.0  26.6   12.30  18.9    6.30   0.0   3.7   0.2   4.0  27.4   13.30   NNE
20  22.6  27.6   16.30  17.8    6.30   0.0   4.3   0.0   4.5  24.1   15.00   NNE
21  22.1  28.5   13.00  19.4    5.30   0.0   3.8   7.4   6.1  40.2   16.30   NNE
22  23.5  29.0   15.00  18.2    5.30   0.0   5.2   0.0   4.3  25.7   15.30   NNE
23  24.8  30.7   16.30  18.8    7.00   0.0   6.5   0.0   5.5  24.1   17.30   NNE
24  24.8  30.2   14.30  19.9    4.30   0.0   6.5   0.0   5.6  27.4   15.30   NNE
25  24.7  28.4   15.00  20.7    6.30   0.0   6.4   0.0   5.8  24.1   16.00    SW
26  25.9  30.2   17.30  21.3    5.00   0.0   7.6   0.0   5.3  20.9   15.00   NNE
27  27.6  32.2   14.30  23.0    3.00   0.0   9.3   0.0   6.0  22.5   15.30     N
28  27.7  32.6   15.30  23.3    4.00   0.0   9.4   0.0   5.8  22.5   14.00   NNE
29  26.9  31.1   12.30  22.9   00.00   0.0   8.6   0.0   5.6  29.0   15.00     S
30  24.7  29.8   17.00  21.5    6.00   0.0   6.4   0.0   6.8  29.0   16.00    NW
31  25.2  29.6   14.30  21.6    7.00   0.0   6.9   0.0   6.1  32.2   00.00    NW
-------------------------------------------------------------------------------------
    23.6  32.6    28    15.7     4     1.3 164.9  31.2   5.5  40.2    21     NNE

Max >=  32.0:  2
Max <=   0.0:  0
Min <=   0.0:  0
Min <= -18.0:  0
Max Rain: 9.80 ON 04/07/13
Days of Rain: 8 (> .2 mm) 5 (> 2 mm) 0 (> 20 mm)
Heat Base:  18.3  Cool Base:  18.3  Method: Integration

Torna Indietro -> Dati Storici – NOAA Report