MONTHLY CLIMATOLOGICAL SUMMARY for JUN. 2017

NAME: Meteo Ariccia .it   CITY: Ariccia   STATE: RM 
ELEV:   500 m  LAT:  41° 43' 16" N  LONG:  12° 40' 18" E

                   TEMPERATURE (°C), RAIN  (mm), WIND SPEED (km/hr)

                                      HEAT  COOL        AVG
    MEAN                              DEG   DEG         WIND                 DOM
DAY TEMP  HIGH   TIME   LOW    TIME   DAYS  DAYS  RAIN  SPEED HIGH   TIME    DIR
------------------------------------------------------------------------------------
 1  20.9  25.1   16:00  17.9    6:00   0.0   2.4   0.0   3.4  30.6   15:30   WNW
 2  20.1  25.1   14:00  15.2    5:00   0.8   2.6   0.0   2.1  20.9   16:30   WSW
 3  20.4  25.7   15:30  14.8    5:30   0.8   2.9   0.0   3.1  24.1   13:30   WNW
 4  20.7  25.6   14:00  15.6    4:30   0.5   2.9   0.0   2.3  22.5   12:30   ENE
 5  21.0  25.9   15:30  16.1    5:30   0.3   3.1   0.0   2.9  22.5   11:30   ENE
 6  21.2  25.7   15:00  17.9    5:00   0.0   2.8   0.0   2.4  22.5   15:00   ENE
 7  20.7  25.2   15:00  15.8   00:00   0.3   2.0   0.0   1.8  22.5   15:00   ENE
 8  20.2  25.3   15:30  14.6    6:30   0.8   2.7   0.0   3.2  22.5   16:30   ENE
 9  20.9  24.7   15:30  16.4    6:00   0.2   2.6   0.0   3.5  24.1   15:00   ENE
10  22.1  26.4   13:30  17.8    4:30   0.0   3.6   0.0   3.2  30.6   15:30   WNW
11  23.2  28.6   13:00  18.3    6:30   0.0   4.9   0.0   3.4  27.4   14:00   ENE
12  22.6  26.7   14:00  18.6    5:00   0.0   4.3   0.0   3.7  22.5    3:00   ENE
13  22.4  26.7   14:30  18.2    6:30   0.0   4.2   0.0   3.1  22.5   13:00   ENE
14  23.2  27.8   15:30  18.6    4:00   0.0   4.9   0.0   2.9  22.5   15:30   ENE
15  23.4  28.3   12:30  18.3    5:00   0.0   5.2   0.0   2.1  22.5   13:30   ENE
16  23.7  28.9   13:00  18.3    6:00   0.0   5.4   0.0   2.1  25.7   15:30   ENE
17  23.9  28.9   13:00  19.2    6:00   0.0   5.6   0.0   3.2  22.5   16:30   ENE
18  22.4  26.0   14:00  17.7   00:00   0.0   4.1   0.0   5.3  38.6    6:00   ENE
19  21.9  26.0   12:30  16.1    5:00   0.2   3.8   0.0   4.2  29.0   13:30   ENE
20  23.3  26.9   12:30  20.0    1:00   0.0   5.0   0.0   3.7  30.6   15:30   WNW
21  23.3  27.1   16:30  18.8    3:30   0.0   5.0   0.0   4.0  32.2   13:30   NNE
22  24.4  29.3   14:00  19.5    5:30   0.0   6.1   0.0   3.9  29.0   14:30   WNW
23  24.3  28.3   15:00  18.9   23:30   0.0   6.0   0.0   3.1  25.7   13:30   WNW
24  23.7  28.4   14:30  18.5    6:00   0.0   5.4   0.0   2.3  25.7   14:00   ENE
25  24.0  28.5   13:30  19.4    3:30   0.0   5.7   0.0   2.1  19.3   12:00   ENE
26  24.7  30.6   16:00  19.9    6:00   0.0   6.4   0.0   1.9  22.5   13:00   ENE
27  25.1  29.1   13:00  22.1   23:30   0.0   6.8   0.0   7.9  41.8   12:00   ENE
28  23.7  27.0   13:30  21.4    3:30   0.0   5.3   2.4   9.3  48.3   17:00   ENE
29  22.8  26.8   16:00  19.3    7:00   0.0   4.5   0.0   3.4  29.0    7:30   WSW
30  22.6  27.6   12:30  20.3    3:00   0.0   4.3   0.0   7.1  30.6    1:30   ENE
-------------------------------------------------------------------------------------
    22.6  30.6    26    14.6     8     4.1 130.4   2.4   3.5  48.3    28     ENE

Max >=  32.0:  0
Max <=   0.0:  0
Min <=   0.0:  0
Min <= -18.0:  0
Max Rain: 2.39 ON 28/06/17
Days of Rain: 1 (> .2 mm) 1 (> 2 mm) 0 (> 20 mm)
Heat Base:  18.3  Cool Base:  18.3  Method: Integration

Torna Indietro -> Dati Storici – NOAA Report