MONTHLY CLIMATOLOGICAL SUMMARY for JUN. 2016

NAME: Meteo Ariccia .it   CITY: Ariccia   STATE: RM 
ELEV:   500 m  LAT:  41° 43' 16" N  LONG:  12° 40' 18" E

                   TEMPERATURE (°C), RAIN  (mm), WIND SPEED (km/hr)

                                      HEAT  COOL        AVG
    MEAN                              DEG   DEG         WIND                 DOM
DAY TEMP  HIGH   TIME   LOW    TIME   DAYS  DAYS  RAIN  SPEED HIGH   TIME    DIR
------------------------------------------------------------------------------------
 1  15.6  19.7   14:30  12.9    5:00   2.8   0.1   0.0   1.8  20.9   10:30   ENE
 2  14.9  17.4   19:00  13.1    6:30   3.3   0.0   8.2   1.4  20.9   15:30   WNW
 3  16.8  21.1   15:30  13.7   23:30   2.2   0.6   8.8   2.4  22.5   14:00   WNW
 4  16.9  22.6   16:00  12.3    6:30   2.2   0.8   0.2   2.3  22.5   17:30    NE
 5  17.9  23.2   14:00  13.4    4:00   1.8   1.4   0.0   2.3  24.1   15:30   WNW
 6  19.0  23.8   15:00  13.7    6:00   1.3   2.0   0.0   3.1  25.7   15:30   WNW
 7  18.7  23.7   15:00  14.8   23:30   1.0   1.4  15.2   1.8  24.1   17:00    NE
 8  19.8  24.6   15:00  14.8    6:00   0.9   2.4   0.0   2.1  16.1   13:00   ENE
 9  17.4  20.4   18:00  14.5   12:00   1.1   0.3  14.8   2.9  24.1   10:30   ENE
10  18.2  21.5   20:00  14.6    6:00   1.0   0.9   2.8   1.1  16.1   11:30   ENE
11  18.8  23.1   15:00  14.9    5:00   0.9   1.4   0.2   3.4  19.3   18:30   ENE
12  18.2  21.9   15:30  15.8   00:00   0.7   0.6   5.4   4.7  25.7    8:30   ENE
13  18.1  22.2   17:30  13.4    4:00   1.4   1.1   0.0   3.9  29.0   18:30   WNW
14  18.3  22.8   15:30  15.0    2:00   1.2   1.2   0.0   3.9  22.5   12:00   ENE
15  19.3  23.6   16:00  15.1    0:30   1.0   1.9   0.0   5.0  27.4   20:00   ENE
16  23.5  27.3   14:00  19.3   00:00   0.0   5.2   0.4  12.4  54.7   10:30   ENE
17  18.8  22.7   12:30  15.7   00:00   0.5   1.0   0.0   3.1  24.1   12:30   WNW
18  19.6  24.8   14:00  14.3    4:30   0.9   2.2   0.0   3.7  25.7   14:30   WNW
19  18.8  22.3   15:00  14.3   00:00   0.8   1.3   0.0   4.5  29.0   16:00   WSW
20  17.1  22.3   13:00  13.6    5:30   1.7   0.4   1.4   1.3  25.7   14:00   ENE
21  19.8  25.4   14:30  14.0    5:00   1.0   2.5   0.0   3.1  25.7   17:00   WNW
22  23.3  29.1   16:30  17.8    6:00   0.0   5.0   0.0   2.6  16.1   17:00   ENE
23  24.3  31.2   18:00  19.1    2:30   0.0   6.0   0.8   3.5  38.6   11:30   ENE
24  26.8  32.1   13:30  22.2    4:30   0.0   8.5   0.0   2.7  17.7   20:00   ENE
25  26.4  32.3   13:30  21.9   00:00   0.0   7.8   0.0   2.1  22.5   18:00   ENE
26  24.3  28.8   14:00  19.6   23:30   0.0   6.0   0.0   2.3  19.3   14:00   ENE
27  21.6  25.4   15:30  16.5   00:00   0.1   3.2   0.0   2.7  25.7   13:00   ENE
28  21.2  27.3   14:00  13.6    5:30   1.0   3.9   0.0   2.6  24.1   15:00   WNW
29  22.8  27.6   15:30  18.7    6:30   0.0   4.6   0.0   2.6  22.5   16:00   ENE
30  22.8  27.5   14:00  18.3    6:30   0.0   4.5   0.0   2.7  22.5   14:30   ENE
-------------------------------------------------------------------------------------
    20.0  32.3    25    12.3     4    28.6  78.1  58.2   3.1  54.7    16     ENE

Max >=  32.0:  2
Max <=   0.0:  0
Min <=   0.0:  0
Min <= -18.0:  0
Max Rain: 15.19 ON 07/06/16
Days of Rain: 11 (> .2 mm) 6 (> 2 mm) 0 (> 20 mm)
Heat Base:  18.3  Cool Base:  18.3  Method: Integration

Torna Indietro -> Dati Storici – NOAA Report