MONTHLY CLIMATOLOGICAL SUMMARY for JUN. 2015

NAME: Meteo Ariccia .it   CITY: Ariccia   STATE: RM 
ELEV:   500 m  LAT:  41° 43' 16" N  LONG:  12° 40' 18" E

                   TEMPERATURE (°C), RAIN  (mm), WIND SPEED (km/hr)

                                      HEAT  COOL        AVG
    MEAN                              DEG   DEG         WIND                 DOM
DAY TEMP  HIGH   TIME   LOW    TIME   DAYS  DAYS  RAIN  SPEED HIGH   TIME    DIR
------------------------------------------------------------------------------------
 1  19.4  24.4   13.30  14.6    6.00   0.9   2.0   0.0   2.7  19.3   16.00   ENE
 2  20.9  25.5   13.30  15.9    3.30   0.5   3.1   0.0   4.0  29.0   14.30   WNW
 3  22.2  26.4   13.30  17.1    5.30   0.1   4.0   0.0   3.9  30.6   17.00     W
 4  22.9  27.3   13.30  18.7    6.30   0.0   4.6   0.0   3.2  20.9   15.00   ENE
 5  23.7  29.4   14.30  18.4   21.30   0.0   5.4   5.8   4.7  30.6   15.30   ENE
 6  22.8  27.5   12.30  18.7    6.00   0.0   4.5   0.0   3.1  24.1   13.30    NE
 7  23.8  29.4   14.30  19.7    6.00   0.0   5.6   0.0   2.6  25.7   23.30   ENE
 8  21.4  26.8   14.00  17.1    6.00   0.1   2.1   0.0   2.4  24.1    0.30   ENE
 9
10
11
12  23.5  28.0   14.00  19.2   00.00   0.0   3.4   0.0   4.2  30.6   12.00   ENE
13  23.6  28.5   12.30  18.9    1.00   0.0   5.2   0.0   4.2  41.8   18.00   ENE
14  21.4  24.1   16.30  18.7   23.00   0.0   3.1   1.0   5.8  33.8    9.00   ENE
15  19.4  22.6   14.30  16.1   00.00   0.2   1.3   0.8   2.7  20.9    4.30   ENE
16  18.9  23.8   13.00  16.1    0.30   0.7   1.3   0.4   3.2  22.5   13.30     W
17  17.7  22.5   13.30  13.4    7.30   1.1   0.6  33.4   2.7  53.1   14.30   ENE
18  18.8  23.7   17.00  14.1    4.30   1.0   1.6   0.0   6.0  40.2   11.30   WNW
19  19.6  24.8   16.00  14.2    5.00   1.0   2.3   0.0   3.7  25.7   15.30   ENE
20  18.9  23.6   15.00  14.7    4.30   1.0   1.6   3.6   3.2  35.4   18.30   ENE
21  19.1  23.4   18.30  14.1    4.00   0.8   1.6   0.0   4.2  30.6   17.00   ENE
22  20.0  24.6   18.00  14.9    5.30   0.8   2.5   0.0   3.4  27.4   15.30   ENE
23  19.9  24.5   13.00  16.7    4.00   0.3   2.0   0.0   9.2  32.2    8.30   ENE
24  20.8  25.2   18.30  18.3    4.30   0.0   2.6   2.6   6.3  30.6    5.30   ENE
25  20.6  24.3   14.00  17.2    3.30   0.1   2.4   0.0   4.7  27.4   18.00     W
26  20.8  24.3   11.30  15.3    5.30   0.4   2.9   0.0   4.8  29.0   16.30   ENE
27  22.3  26.6   13.00  17.6    4.00   0.0   4.1   0.0   3.7  25.7   16.30   WNW
28  22.2  27.3   12.30  18.6    6.00   0.0   3.9   0.0   2.6  27.4   17.00   NNE
29  22.4  27.2   13.00  18.1    3.00   0.0   4.1   0.0   2.9  22.5   14.30   ENE
30  23.2  27.8   13.30  19.1    2.00   0.0   4.9   0.0   1.9  20.9   17.00   ENE
-------------------------------------------------------------------------------------
    21.1  29.4     7    13.4    17     9.0  82.5  47.6   3.9  53.1    17     ENE

Max >=  32.0:  0
Max <=   0.0:  0
Min <=   0.0:  0
Min <= -18.0:  0
Max Rain: 33.40 ON 17/06/15
Days of Rain: 7 (> .2 mm) 4 (> 2 mm) 1 (> 20 mm)
Heat Base:  18.3  Cool Base:  18.3  Method: Integration

Torna Indietro -> Dati Storici – NOAA Report