MONTHLY CLIMATOLOGICAL SUMMARY for JUN. 2013

NAME: Meteo Ariccia .it   CITY: Ariccia   STATE: RM 
ELEV:   500 m  LAT:  41° 43' 16" N  LONG:  12° 40' 18" E

                   TEMPERATURE (°C), RAIN  (mm), WIND SPEED (km/hr)

                                      HEAT  COOL        AVG
    MEAN                              DEG   DEG         WIND                 DOM
DAY TEMP  HIGH   TIME   LOW    TIME   DAYS  DAYS  RAIN  SPEED HIGH   TIME    DIR
------------------------------------------------------------------------------------
 1
 2
 3
 4
 5
 6
 7
 8
 9
10  16.1  18.9   19.00  14.8   22.30   0.5   0.0   0.0   3.2  19.3   19.00   WSW
11  17.6  21.5   16.30  13.7    3.30   1.4   0.7   0.0   6.8  29.0   16.00    NW
12  21.5  25.6   17.30  16.9    1.00   0.1   3.3   0.0   6.8  33.8   21.30     N
13  22.2  27.4   17.00  18.5    6.30   0.0   3.9   0.0   8.2  33.8    2.30    NW
14  22.1  26.8   14.30  16.6    6.30   0.1   3.8   0.0   6.4  24.1   14.30    NW
15  22.1  26.1   14.30  17.6    5.30   0.0   3.8   0.0   4.3  20.9   13.00    SW
16  23.0  27.4   16.00  18.1    6.30   0.0   4.7   0.0   4.2  19.3   14.00    SW
17  24.6  29.7   14.00  19.6    4.30   0.0   6.3   0.0   4.8  20.9   15.00   NNE
18  26.2  30.4   15.00  22.6   23.30   0.0   7.9   0.0   5.0  25.7   15.30   NNE
19  26.5  31.6   15.30  21.4    6.00   0.0   8.2   0.0   4.7  19.3   15.30   NNE
20  25.7  30.5   15.30  20.7    6.00   0.0   7.3   0.0   6.0  24.1   16.00   NNE
21  23.6  28.1   13.00  19.2    5.30   0.0   5.3   0.0   6.1  25.7   13.00     S
22  21.7  25.5   13.30  18.6    4.00   0.0   3.4   0.0   5.0  19.3   14.00    NW
23  20.9  25.5   13.00  17.3    6.00   0.1   2.8   0.0   5.1  24.1   15.30    NW
24  18.1  20.8   18.00  15.9    6.00   0.7   0.5   0.0   8.0  33.8   12.00     S
25  18.7  23.7   14.00  13.6    6.00   1.2   1.5   0.0   7.7  35.4   15.30    NW
26  18.5  22.5   18.30  15.3   23.30   0.7   0.9   0.0   6.8  40.2   18.30     N
27  18.5  22.7   13.30  14.2    4.00   1.2   1.4   0.0   5.8  25.7   13.30   NNE
28  17.7  22.4   14.00  14.6    3.00   1.4   0.8   1.8   9.3  45.1   17.30    SE
29  18.2  22.6   16.30  14.1    3.00   1.3   1.2   0.0   8.2  33.8   18.00   NNE
30  19.4  23.9   13.30  14.1    6.00   0.8   1.9   0.0   4.5  24.1    1.00    SW
-------------------------------------------------------------------------------------
    21.1  31.6    19    13.6    25     9.6  69.7   1.8   6.0  45.1    28     NNE

Max >=  32.0:  0
Max <=   0.0:  0
Min <=   0.0:  0
Min <= -18.0:  0
Max Rain: 1.80 ON 28/06/13
Days of Rain: 1 (> .2 mm) 0 (> 2 mm) 0 (> 20 mm)
Heat Base:  18.3  Cool Base:  18.3  Method: Integration

Torna Indietro -> Dati Storici – NOAA Report