MONTHLY CLIMATOLOGICAL SUMMARY for JAN. 2017

NAME: Meteo Ariccia .it   CITY: Ariccia   STATE: RM 
ELEV:   500 m  LAT:  41° 43' 16" N  LONG:  12° 40' 18" E

                   TEMPERATURE (°C), RAIN  (mm), WIND SPEED (km/hr)

                                      HEAT  COOL        AVG
    MEAN                              DEG   DEG         WIND                 DOM
DAY TEMP  HIGH   TIME   LOW    TIME   DAYS  DAYS  RAIN  SPEED HIGH   TIME    DIR
------------------------------------------------------------------------------------
 1   5.9   9.9   16:00   3.3    5:30  12.4   0.0   0.0   2.9  14.5    1:00   ENE
 2   7.3  10.8   16:00   3.9    1:00  11.0   0.0   4.8   1.8  16.1   00:00   ENE
 3   8.4  11.1   15:00   5.6   21:30   9.9   0.0  15.4   2.6  41.8   13:00   ENE
 4   6.4   8.7   10:30   3.6   18:00  11.9   0.0   0.2   2.1  16.1   14:00   ENE
 5   4.1   7.4    0:30   0.1   23:00  14.2   0.0   1.8   9.3  54.7   00:00   WNW
 6  -1.9   0.1    0:30  -4.4   23:30  20.2   0.0   0.0  11.9  64.4   12:00   WNW
 7  -2.7   0.8   16:30  -4.9    7:30  21.0   0.0   0.0   7.6  46.7   11:30   WNW
 8   0.2   2.7   12:00  -3.3    0:30  18.1   0.0   0.0   1.1  17.7   22:00   ENE
 9   2.4   6.1   16:00  -1.0    3:00  15.9   0.0   0.0   2.7  27.4   16:30   ENE
10   2.2   5.9   15:00  -0.8   23:30  16.1   0.0   0.0   1.6  16.1   11:30   ENE
11   0.8   4.9   14:30  -3.1    6:00  17.5   0.0   0.0   1.6  20.9   14:30   ENE
12   5.2   8.4   00:00  -0.1    0:30  13.1   0.0   5.6   6.3  30.6   18:00   ENE
13   6.9  10.3   11:30   0.5   23:00  11.4   0.0  15.0   7.4  56.3   13:30   WNW
14   3.7   6.1   13:30   1.0    0:30  14.6   0.0   0.0   3.4  25.7    6:00   WNW
15   4.6   5.7   12:00   3.5   18:30  13.7   0.0   0.0   5.0  40.2    9:00   ENE
16   3.4   4.9   23:30   2.5   11:00  14.9   0.0   0.0   6.0  33.8   14:00   WNW
17   5.1   8.1   14:30   2.7    6:00  13.2   0.0   0.6   5.8  38.6    7:00    NE
18   5.4   8.2   15:00   2.7    4:30  12.8   0.0   0.0   3.9  35.4    1:00   WNW
19   6.2   9.9   12:00   2.9    6:00  12.1   0.0   0.0   2.1  25.7    2:30   ENE
20   6.9  10.9   14:30   3.2    7:30  11.3   0.0   0.0   2.9  32.2   21:00   ENE
21   8.9  12.1   15:00   6.3    3:30   9.3   0.0   0.0   7.9  45.1   22:30   ENE
22  10.8  12.9   12:30   9.4    7:30   7.5   0.0   0.0  11.1  43.5    1:00   ENE
23   8.9  10.9   10:00   6.6   22:30   9.3   0.0   6.4   9.0  46.7    2:30   ENE
24   8.6  10.8   13:00   6.6    0:30   9.7   0.0   0.6   3.2  29.0    2:30   ENE
25   8.3  11.7   15:00   5.3    7:30  10.0   0.0   0.0   1.8  14.5   15:00   ENE
26   6.9  10.3   16:00   4.4   21:00  11.4   0.0   0.0   1.0  12.9   12:30   ENE
27   6.3   9.9   14:00   3.0    7:30  12.0   0.0   0.0   4.0  24.1   20:00   ENE
28   8.3  11.5   14:00   5.9    5:30  10.0   0.0   0.0   5.0  27.4   11:30   ENE
29   7.2  10.2   14:00   4.8   19:30  11.1   0.0   0.0   2.9  22.5   13:30   ENE
30   7.3  11.2   16:00   3.3    3:30  11.0   0.0   0.0   1.6  19.3   13:00   ENE
31   8.6  11.6   15:00   6.5    0:30   9.7   0.0   1.0   4.0  24.1   11:30   ENE
-------------------------------------------------------------------------------------
     5.5  12.9    22    -4.9     7   396.3   0.0  51.4   4.5  64.4     6     ENE

Max >=  32.0:  0
Max <=   0.0:  0
Min <=   0.0:  7
Min <= -18.0:  0
Max Rain: 15.39 ON 03/01/17
Days of Rain: 10 (> .2 mm) 5 (> 2 mm) 0 (> 20 mm)
Heat Base:  18.3  Cool Base:  18.3  Method: Integration

Torna Indietro -> Dati Storici – NOAA Report