MONTHLY CLIMATOLOGICAL SUMMARY for JAN. 2015

NAME: Meteo Ariccia .it   CITY: Ariccia   STATE: RM 
ELEV:   500 m  LAT:  41° 43' 16" N  LONG:  12° 40' 18" E

                   TEMPERATURE (°C), RAIN  (mm), WIND SPEED (km/hr)

                                      HEAT  COOL        AVG
    MEAN                              DEG   DEG         WIND                 DOM
DAY TEMP  HIGH   TIME   LOW    TIME   DAYS  DAYS  RAIN  SPEED HIGH   TIME    DIR
------------------------------------------------------------------------------------
 1   3.4   8.2   14.30   0.2    2.00  10.2   0.0   0.0   5.8  35.4    2.00   WNW
 2
 3
 4
 5
 6
 7
 8
 9
10
11
12
13
14
15
16
17   9.9  12.4   13.00   7.7   23.00   4.0   0.0   0.0   2.9  19.3   15.30     W
18   8.3   9.8   16.30   6.6   00.00  10.0   0.0   2.0   1.0  11.3    9.30   ENE
19   8.0  11.0   14.00   4.9    6.30  10.3   0.0   1.4   4.0  24.1   11.00   ENE
20   7.5   8.3    0.30   6.5    7.00  10.8   0.0  25.4   6.6  30.6   21.30   ENE
21   8.0   8.7    1.30   7.3   14.00  10.3   0.0  25.4   7.4  30.6   10.30   ENE
22   7.4   8.8   15.00   6.2    7.30  10.9   0.0   9.6   5.5  30.6    7.30   ENE
23   8.4  10.8   15.00   6.8    3.30   9.9   0.0   0.2   8.4  37.0   14.30   WNW
24   8.5  11.7   13.30   5.5   21.00   9.8   0.0   0.0   6.0  32.2    8.00   WNW
25   7.4   9.6   16.00   4.1    7.00  10.9   0.0   0.0   3.2  24.1   23.00   ENE
26   6.9   9.7   12.00   3.3   00.00  11.3   0.0   0.0   5.3  25.7    7.30   ENE
27   4.3   6.8   16.00   1.0    7.00  14.0   0.0   0.0   3.5  27.4   13.30   ENE
28   3.6   7.1   15.30   1.2    6.30  14.7   0.0   0.0   9.3  41.8   14.00   WNW
29   4.8   8.8   00.00   0.8    2.30  13.5   0.0  22.2   5.1  37.0   14.30   ENE
30   7.7   9.8   10.30   4.4   19.30  10.6   0.0   8.6   9.8  69.2   16.00     W
31   5.8   7.8   14.30   4.1    6.30  12.5   0.0   8.4   5.3  32.2    1.30   ENE
-------------------------------------------------------------------------------------
     6.9  12.4    17     0.2     1   173.9   0.0 103.2   5.6  69.2    30     ENE

Max >=  32.0:  0
Max <=   0.0:  0
Min <=   0.0:  0
Min <= -18.0:  0
Max Rain: 25.40 ON 20/01/15
Days of Rain: 9 (> .2 mm) 7 (> 2 mm) 3 (> 20 mm)
Heat Base:  18.3  Cool Base:  18.3  Method: Integration

Torna Indietro -> Dati Storici – NOAA Report