MONTHLY CLIMATOLOGICAL SUMMARY for FEB. 2018

NAME: Meteo Ariccia .it   CITY: Ariccia   STATE: RM 
ELEV:   500 m  LAT:  41° 43' 16" N  LONG:  12° 40' 18" E

                   TEMPERATURE (°C), RAIN  (mm), WIND SPEED (km/hr)

                                      HEAT  COOL        AVG
    MEAN                              DEG   DEG         WIND                 DOM
DAY TEMP  HIGH   TIME   LOW    TIME   DAYS  DAYS  RAIN  SPEED HIGH   TIME    DIR
------------------------------------------------------------------------------------
 1   8.7  10.1   16:00   7.3    5:30   9.6   0.0   3.4   5.6  37.0    8:30   ENE
 2  10.7  11.8   13:00   8.2    3:30   7.6   0.0   1.8   8.5  45.1   18:30   ENE
 3   6.9  10.4    2:30   3.4   22:00  11.4   0.0  14.4   8.0  45.1   10:00     W
 4   5.2   8.7   15:00   1.3    6:00  13.2   0.0   1.4   0.5  25.7    1:00   ENE
 5   7.6  10.6   13:30   5.6    0:30  10.7   0.0   2.4   3.2  32.2   14:00   ENE
 6   8.4  10.9   12:00   5.9    6:00   9.9   0.0   3.2   9.5  54.7   13:30   ENE
 7   6.9   9.6   10:30   5.1   19:00  11.4   0.0  19.2   4.7  30.6   11:30   ENE
 8   5.6   9.2   12:30   3.3    5:30  12.7   0.0   1.2   1.3  12.9   11:00   ENE
 9   6.7  10.1   16:00   3.1    7:00  11.6   0.0   0.2   3.2  19.3   15:00   ENE
10   7.1  11.1   16:30   3.8    5:00  11.2   0.0   0.0   4.8  32.2   17:00   ENE
11   5.5   8.4   11:30   2.2    5:00  12.8   0.0   0.0   3.7  29.0   18:00   WNW
12   6.2   7.7   19:30   4.0    2:30  12.2   0.0   0.8   4.2  27.4   10:30   ENE
13   5.8   8.2   11:00   2.4   22:00  12.5   0.0   0.0   5.1  40.2   15:00   WNW
14   2.4   5.0   17:00   0.7   12:30  15.9   0.0   2.8   3.2  32.2   11:30   ENE
15   4.0   7.6   16:00   0.1    4:30  14.3   0.0   3.2   6.1  32.2   15:30   WNW
16   6.1  10.9   16:30   1.9    3:00  12.2   0.0   0.0   0.6  14.5    0:30   ENE
17   7.6  10.2   13:30   4.7    5:30  10.7   0.0   0.0   0.5  12.9   22:30   ENE
18   7.3   8.3   16:30   5.2   23:30  11.0   0.0   3.0   5.0  29.0   11:30   ENE
19   6.8  11.2   11:30   4.3    3:00  11.5   0.0  11.4   1.6   9.7   12:00   ENE
20   5.6   8.7   14:30   3.4   23:30  12.7   0.0   0.2   1.4  14.5   16:00   ENE
21   6.2   8.7   13:30   3.7    3:00  12.2   0.0   0.2   2.7  22.5   12:30   ENE
22   5.4   6.7   23:00   3.9   15:00  12.9   0.0  26.2   7.7  41.8   18:30   ENE
23   7.3  10.6   20:00   5.8    7:30  11.0   0.0  33.4   6.3  45.1   15:30   ENE
24   7.2   8.3    2:30   6.0   19:00  11.1   0.0  22.0   4.0  35.4   10:30   ENE
25   6.3   9.1   10:00   3.7   00:00  12.0   0.0   2.6   2.4  17.7    0:30   ENE
26  -1.3   3.8    0:30  -5.5   00:00  19.6   0.0   1.8   4.2  35.4   15:00   WNW
27  -3.1  -0.1   15:30  -6.1    1:30  21.3   0.0   0.0   3.9  33.8   16:30   WNW
28   0.9   4.9   15:00  -3.5    0:30  17.4   0.0   1.6   4.3  25.7   23:00   WNW
-------------------------------------------------------------------------------------
     5.7  11.8     2    -6.1    27   352.3   0.0 156.4   4.2  54.7     6     ENE

Max >=  32.0:  0
Max <=   0.0:  1
Min <=   0.0:  3
Min <= -18.0:  0
Max Rain: 33.40 ON 23/02/18
Days of Rain: 22 (> .2 mm) 13 (> 2 mm) 3 (> 20 mm)
Heat Base:  18.3  Cool Base:  18.3  Method: Integration

Torna Indietro -> Dati Storici – NOAA Report