MONTHLY CLIMATOLOGICAL SUMMARY for FEB. 2013

NAME: Meteo Ariccia .it   CITY: Ariccia   STATE: RM 
ELEV:   500 m  LAT:  41° 43' 16" N  LONG:  12° 40' 18" E

                   TEMPERATURE (°C), RAIN  (mm), WIND SPEED (km/hr)

                                      HEAT  COOL        AVG
    MEAN                              DEG   DEG         WIND                 DOM
DAY TEMP  HIGH   TIME   LOW    TIME   DAYS  DAYS  RAIN  SPEED HIGH   TIME    DIR
------------------------------------------------------------------------------------
 1  10.5  13.4   15.00   8.3    7.00   7.8   0.0   0.0   8.9  46.7   22.30     E
 2   9.6  11.8   14.00   6.6   23.00   8.8   0.0   2.6  16.9  51.5    9.30    SE
 3   5.7   7.8   16.30   3.5   23.30  12.6   0.0   4.8  10.9  43.5   11.00    NE
 4   5.9   9.4   15.30   2.2    6.30  12.4   0.0   0.0   5.6  32.2   12.00     N
 5   7.6   8.8   20.00   5.9    1.00  10.7   0.0   0.4   6.6  29.0   16.30   ESE
 6   7.5   9.2   15.00   4.4   22.00  10.8   0.0   2.0   7.2  40.2   12.00     E
 7   4.4   7.6   15.30   2.7    2.30  13.9   0.0  11.4   7.9  33.8    8.00     E
 8   4.3   7.6   15.00   1.1   22.30  14.0   0.0   0.0   9.0  35.4    7.30    NW
 9   2.5   5.4   13.30   0.4   23.30  15.8   0.0   0.0   6.6  32.2   21.00    NW
10   2.3   5.1   16.00  -0.7    8.00  16.0   0.0   0.0   5.0  24.1   14.00   NNE
11   4.8   8.1   18.30   2.0    8.30  13.5   0.0  32.2  17.4  66.0   10.30   ESE
12   5.8   8.6   14.00   4.2    8.00  12.5   0.0   8.0   5.0  24.1    1.00    SE
13   5.8   8.4   15.00   3.2    7.30  12.5   0.0   0.0   7.9  27.4   17.30    NW
14   6.6   9.6   16.00   4.2    4.30  11.8   0.0   0.0   6.9  22.5   13.30    NW
15   6.3  10.1   13.30   2.8    7.30  12.0   0.0   0.0   4.5  17.7   14.30     N
16   6.7  10.4   15.30   3.3    7.00  11.6   0.0   0.0   4.8  19.3   13.00   NNE
17   6.2   9.3   14.30   4.2   20.30  12.1   0.0   3.8   6.3  29.0   14.00     E
18   5.3   8.8   13.00   2.9    2.00  13.0   0.0   0.0   3.7  17.7   16.30   NNE
19   5.2   9.0   16.00   1.2    7.30  13.1   0.0   0.0   4.7  17.7   14.00   NNE
20   5.5   9.4   16.00   1.7    4.30  12.8   0.0   0.0   3.9  17.7   13.00   NNE
21   6.6  10.4   14.30   2.4    6.30  11.7   0.0   1.0   4.7  19.3   14.30   NNE
22   7.6   9.1   15.00   6.4    2.00  10.7   0.0   9.8   9.5  45.1   15.00     E
23   6.9  10.0   15.00   3.9    6.00  11.4   0.0  32.2  14.5  85.3   14.30    SE
24   4.2   6.2   13.30   2.3   20.30  14.1   0.0   1.0   6.8  35.4   11.30   SSW
25   2.8   4.7   21.30   0.9   13.30  15.5   0.0  27.2   6.9  35.4    1.00     E
26   5.7   8.7   12.00   2.8    1.30  12.6   0.0   4.0   4.3  19.3   13.00   NNE
27   6.9  10.2   16.30   4.5    8.00  11.4   0.0   0.0   7.4  29.0   14.30    NW
28   8.2  11.6   14.30   5.1    4.30  10.1   0.0   0.0   6.1  25.7   14.00    NE
-------------------------------------------------------------------------------------
     6.0  13.4     1    -0.7    10   345.2   0.0 140.4   7.5  85.3    23       E

Max >=  32.0:  0
Max <=   0.0:  0
Min <=   0.0:  1
Min <= -18.0:  0
Max Rain: 32.21 ON 11/02/13
Days of Rain: 14 (> .2 mm) 11 (> 2 mm) 3 (> 20 mm)
Heat Base:  18.3  Cool Base:  18.3  Method: Integration

Torna Indietro -> Dati Storici – NOAA Report