MONTHLY CLIMATOLOGICAL SUMMARY for DEC. 2017

NAME: Meteo Ariccia .it   CITY: Ariccia   STATE: RM 
ELEV:   500 m  LAT:  41° 43' 16" N  LONG:  12° 40' 18" E

                   TEMPERATURE (°C), RAIN  (mm), WIND SPEED (km/hr)

                                      HEAT  COOL        AVG
    MEAN                              DEG   DEG         WIND                 DOM
DAY TEMP  HIGH   TIME   LOW    TIME   DAYS  DAYS  RAIN  SPEED HIGH   TIME    DIR
------------------------------------------------------------------------------------
 1   5.9   9.9   16:00   3.3    6:00  12.4   0.0   0.4   1.3  16.1   13:30   ENE
 2   7.4   9.6   14:00   5.2    2:30  10.8   0.0   0.0   3.7  40.2   10:30   ENE
 3   6.4   9.2   12:00   5.0    5:30  11.9   0.0   4.6   2.1  17.7    2:30   ENE
 4   6.1   8.6   14:30   3.6    7:30  12.2   0.0   0.0   1.8  20.9   18:30   ENE
 5   6.8  10.6   14:00   4.9   20:30  11.5   0.0   0.0   2.3  27.4    8:00   WNW
 6   7.6  10.2   14:30   4.2    4:00  10.7   0.0   0.0   1.6  22.5   13:00   WNW
 7   8.2  10.6   14:00   5.8   23:00  10.1   0.0   0.0   0.6  11.3    8:00   WNW
 8   9.3  11.8   14:30   6.3    0:30   9.0   0.0   6.4   2.6  19.3   14:30   ENE
 9   6.1  10.6    2:00   1.4   22:00  12.2   0.0   0.2   5.6  46.7   13:00   WNW
10   4.2   8.7   00:00  -0.6    6:00  14.1   0.0  14.4   5.0  35.4   15:30   ENE
11  11.3  12.0   14:00   8.7    0:30   7.0   0.0   4.4   9.2  45.1   12:30   ENE
12  12.2  12.8   22:00  10.4   00:00   6.1   0.0   8.2   6.9  43.5    3:00   ENE
13   8.8  10.4    0:30   6.1   20:00   9.5   0.0  17.2   3.2  29.0    0:30   WNW
14   9.3  10.6   22:30   6.4    2:00   9.0   0.0   2.0   1.8  16.1   11:00   ENE
15  11.1  12.2   18:30   7.6   00:00   7.3   0.0  42.8   5.3  38.6   14:00    SW
16   7.2   9.8   13:00   3.3   00:00  11.1   0.0   0.2   2.4  29.0   15:00   WNW
17   4.5   7.7   15:00   1.8    3:00  13.8   0.0   0.2   6.1  30.6    5:30   WNW
18   4.1   7.1   12:30   1.6    3:00  14.3   0.0   0.0   3.5  24.1   15:00   WNW
19   3.3   6.9   14:30   0.4    8:00  15.0   0.0   0.0   2.7  16.1   23:30   ENE
20   3.3   5.8   10:30   1.1   18:30  15.0   0.0   0.0   1.4  19.3   22:00   ENE
21   3.7   7.7   15:30  -0.1    5:00  14.6   0.0   0.0   3.1  37.0   17:30   ENE
22   9.2  12.6   12:00   3.1    0:30   9.1   0.0   0.0   2.4  19.3   15:00   WNW
23  10.2  13.4   15:00   6.6    7:30   8.1   0.0   0.0   2.6  20.9   13:00   WNW
24  10.4  12.5   14:00   6.6   00:00   7.8   0.0   0.0   2.7  27.4   13:30   WNW
25   8.2  11.7   13:30   5.3    6:00  10.1   0.0   0.0   0.5   8.0    1:00   ENE
26   8.7  10.6   13:00   6.9    3:00   9.6   0.0   3.6   5.1  25.7   14:00   ENE
27   8.8  10.3   10:00   6.6   00:00   9.5   0.0  53.6   5.5  38.6   19:00   ENE
28   4.4   7.3    2:00   3.0   23:00  13.8   0.0   9.6   3.5  51.5    3:30   WNW
29   3.9   6.3   15:00   2.2    8:00  14.4   0.0   0.2   5.0  33.8   12:30   WNW
30   7.3  10.8   13:30   2.6    2:30  11.0   0.0   0.0   0.3  11.3   16:00   ENE
31   9.3  10.7   15:30   6.7    3:00   9.0   0.0   0.0   5.3  22.5   21:00   ENE
-------------------------------------------------------------------------------------
     7.3  13.4    23    -0.6    10   339.9   0.0 168.0   3.4  51.5    28     ENE

Max >=  32.0:  0
Max <=   0.0:  0
Min <=   0.0:  2
Min <= -18.0:  0
Max Rain: 53.59 ON 27/12/17
Days of Rain: 16 (> .2 mm) 11 (> 2 mm) 2 (> 20 mm)
Heat Base:  18.3  Cool Base:  18.3  Method: Integration

Torna Indietro -> Dati Storici – NOAA Report