MONTHLY CLIMATOLOGICAL SUMMARY for DEC. 2016

NAME: Meteo Ariccia .it   CITY: Ariccia   STATE: RM 
ELEV:   500 m  LAT:  41° 43' 16" N  LONG:  12° 40' 18" E

                   TEMPERATURE (°C), RAIN  (mm), WIND SPEED (km/hr)

                                      HEAT  COOL        AVG
    MEAN                              DEG   DEG         WIND                 DOM
DAY TEMP  HIGH   TIME   LOW    TIME   DAYS  DAYS  RAIN  SPEED HIGH   TIME    DIR
------------------------------------------------------------------------------------
 1   7.6  10.1   15:30   3.8    1:00  10.7   0.0   0.0   8.9  48.3   11:30   WNW
 2   9.7  12.2   14:30   7.6    8:00   8.6   0.0   0.0   2.7  27.4    0:30   WSW
 3  10.0  11.5   11:30   9.0   19:30   8.3   0.0   3.0   3.2  20.9    7:00   ENE
 4  11.2  13.9   12:00   8.7   22:00   7.1   0.0   0.4   2.6  20.9    3:30   ENE
 5  11.2  14.7   14:30   7.7    5:00   7.1   0.0   0.0   3.4  25.7   11:30   ENE
 6  10.6  12.1    8:30   7.9   23:00   7.7   0.0   2.8   2.9  20.9   17:30   ENE
 7  10.2  14.2   15:00   7.3   22:30   8.1   0.0   0.0   3.1  12.9   15:00   ENE
 8   8.7  12.0   16:00   6.7   22:00   9.6   0.0   0.0   2.9  17.7   12:30   ENE
 9   9.7  12.7   15:00   6.3    2:00   8.6   0.0   0.0   4.3  24.1   12:00   WNW
10  10.6  11.8   12:00   9.5    7:30   7.7   0.0   0.0   4.8  35.4   14:30   WNW
11  10.8  12.9   14:00   8.3    2:00   7.4   0.0   0.0   1.1  14.5    6:30   WNW
12  10.9  13.1   15:00   8.2   23:30   7.3   0.0   0.0   3.9  25.7   15:00   ENE
13   8.7  12.4   15:00   6.3    7:30   9.6   0.0   0.2   2.4  20.9   14:00   ENE
14   8.3  11.6   13:30   6.3    2:30  10.0   0.0   0.0   2.1  16.1   15:00   ENE
15   9.4  13.5   15:00   6.9   21:00   8.9   0.0   0.0   1.8  19.3    7:30   ENE
16   8.0  10.9   11:30   5.7    8:30  10.3   0.0   0.0   2.9  24.1   00:00   ENE
17   7.0  11.7   15:30   3.6   23:30  11.3   0.0   0.0   2.9  22.5    1:00   ENE
18   6.1   9.6   15:00   3.3    5:00  12.3   0.0   0.0   2.7  19.3   11:00   ENE
19   7.5  11.6   00:00   3.3    0:30  10.8   0.0   6.4   9.2  43.5   21:00   ENE
20  11.6  13.5   22:30   9.1    8:00   6.7   0.0   6.2  11.9  45.1    8:30   ENE
21  12.7  15.9   15:30   8.7   00:00   5.6   0.0   0.0   3.2  25.7   10:00   ENE
22   9.1  12.4   14:00   6.4   00:00   9.2   0.0   0.0   2.9  20.9   16:30   ENE
23   9.6  14.9   16:00   5.9    1:30   8.8   0.0   0.0   2.6   9.7   13:30   ENE
24  10.1  13.5   11:00   6.9   23:30   8.3   0.0   0.0   3.5  20.9   13:00   ENE
25   8.8  11.5   12:30   6.1    5:30   9.5   0.0   0.0   3.5  24.1   14:00   ENE
26  12.0  16.7   15:30   7.8    4:30   6.3   0.0   0.0   2.6  16.1   14:30   ENE
27  10.4  13.8   14:00   8.3   21:00   7.8   0.0   0.0   2.3  22.5   12:30   WNW
28   9.7  13.6   12:30   6.6   23:30   8.6   0.0   0.0   4.5  32.2   15:00   WNW
29   5.9   9.9    1:00   3.1    8:00  12.4   0.0   0.0   7.2  43.5    8:30   ENE
30   3.7   7.7   15:00   0.1    7:00  14.6   0.0   0.0   2.6  22.5    0:30   ENE
31   5.1   8.5   15:00   1.6    1:00  13.2   0.0   0.0   2.6  22.5    3:30   ENE
-------------------------------------------------------------------------------------
     9.2  16.7    26     0.1    30   282.4   0.0  19.0   3.8  48.3     1     ENE

Max >=  32.0:  0
Max <=   0.0:  0
Min <=   0.0:  0
Min <= -18.0:  0
Max Rain: 6.40 ON 19/12/16
Days of Rain: 6 (> .2 mm) 4 (> 2 mm) 0 (> 20 mm)
Heat Base:  18.3  Cool Base:  18.3  Method: Integration

Torna Indietro -> Dati Storici – NOAA Report