MONTHLY CLIMATOLOGICAL SUMMARY for DEC. 2013

NAME: Meteo Ariccia .it   CITY: Ariccia   STATE: RM 
ELEV:   500 m  LAT:  41° 43' 16" N  LONG:  12° 40' 18" E

                   TEMPERATURE (°C), RAIN  (mm), WIND SPEED (km/hr)

                                      HEAT  COOL        AVG
    MEAN                              DEG   DEG         WIND                 DOM
DAY TEMP  HIGH   TIME   LOW    TIME   DAYS  DAYS  RAIN  SPEED HIGH   TIME    DIR
------------------------------------------------------------------------------------
 1  10.8  12.5   14.30   8.3    5.00   7.5   0.0   0.0   7.4  33.8    8.00     N
 2  12.9  16.1   11.30  10.6   20.30   5.4   0.0   0.6   8.9  45.1    2.30   NNE
 3  12.2  16.1   13.00   9.1    3.30   6.1   0.0   0.0   5.6  32.2    5.00   NNE
 4   9.3  11.8   14.00   6.8   00.00   9.0   0.0   0.0   5.0  19.3   15.00    NW
 5   8.1  11.5   11.30   5.1    7.30  10.2   0.0   0.0   6.1  24.1    3.00     N
 6   8.5  10.6   14.00   4.9    4.30   9.8   0.0   0.0   3.5  16.1   23.30    NW
 7   9.4  12.6   12.30   6.4    1.30   8.9   0.0   0.0   6.4  35.4    9.30     E
 8  10.2  13.8   14.00   8.4    6.00   8.1   0.0   0.4   6.1  27.4   22.00     E
 9  11.0  13.6   12.00   9.8    1.30   7.3   0.0   0.0   5.8  27.4   21.30     N
10  11.1  15.0   15.00   9.1    8.30   7.3   0.0   0.0   5.3  30.6    4.00     N
11  10.2  13.2   14.30   8.0   21.00   8.1   0.0   0.0   3.7  16.1   14.30   NNE
12   9.1  11.8   14.00   6.8    3.30   9.2   0.0   0.0   5.8  29.0   19.00     N
13   9.0  10.4    4.30   7.8    7.00   9.3   0.0   0.0   4.5  32.2    4.30    NW
14   9.4  11.7   13.30   7.7    7.30   8.9   0.0   0.0   6.0  25.7    3.30     N
15   8.9  11.6   10.30   5.9   23.00   9.4   0.0   1.4   4.8  43.5   13.00   NNE
16   8.9  12.0   12.30   5.5    4.00   9.4   0.0   0.0   5.0  29.0   19.30   NNE
17  10.7  13.4   10.30   6.7    0.30   5.3   0.0   0.4   4.2  17.7   11.30    NE
18
19
20
21
22
23
24
25
26
27
28
29
30
31
-------------------------------------------------------------------------------------
    10.0  16.1     2     4.9     6   139.0   0.0   2.8   5.5  45.1     2       N

Max >=  32.0:  0
Max <=   0.0:  0
Min <=   0.0:  0
Min <= -18.0:  0
Max Rain: 1.40 ON 15/12/13
Days of Rain: 4 (> .2 mm) 0 (> 2 mm) 0 (> 20 mm)
Heat Base:  18.3  Cool Base:  18.3  Method: Integration

Torna Indietro -> Dati Storici – NOAA Report