MONTHLY CLIMATOLOGICAL SUMMARY for DEC. 2012

NAME: Meteo Ariccia .it   CITY: Ariccia   STATE: RM 
ELEV:   500 m  LAT:  41° 43' 16" N  LONG:  12° 40' 18" E

                   TEMPERATURE (°C), RAIN  (mm), WIND SPEED (km/hr)

                                      HEAT  COOL        AVG
    MEAN                              DEG   DEG         WIND                 DOM
DAY TEMP  HIGH   TIME   LOW    TIME   DAYS  DAYS  RAIN  SPEED HIGH   TIME    DIR
------------------------------------------------------------------------------------
 1   8.4  10.3   15.30   6.4    5.00   9.9   0.0  11.4   8.9  33.8    1.00     E
 2   8.1  11.1   13.00   3.9   00.00  10.2   0.0  12.2   4.7  35.4   23.00     E
 3   4.5   6.8   15.30   2.3    8.00  13.8   0.0   0.0   8.2  48.3   12.30   WSW
 4   8.7  10.9   14.00   4.2    1.00   9.6   0.0   3.6   9.0  48.3   00.00     E
 5   6.8   9.7   13.00   3.4   18.00  11.5   0.0   2.4   6.6  49.9   17.30    NW
 6   5.6   7.1   15.30   4.2   19.00  12.7   0.0   0.0   5.6  30.6    6.00     N
 7   6.1   8.3   23.30   2.9    8.00  12.2   0.0  15.6   7.2  37.0   21.30   ESE
 8   3.7   8.7    3.00   0.1   20.30  14.6   0.0   5.6  10.5  61.2   23.00     N
 9   2.0   5.3   15.30   0.0    4.30  16.3   0.0   0.0  16.3  66.0    9.30     N
10   5.4   7.9   21.00   2.2    0.30  12.9   0.0  12.2   6.3  51.5   23.00     S
11   4.4   6.9   14.30   1.4    8.00  13.9   0.0   0.0   9.5  49.9    4.30     N
12   4.1   7.4   15.30   0.9   00.00  14.2   0.0   0.0   6.0  14.5    0.30   NNE
13   5.6   7.5   23.00   1.6    0.30  12.7   0.0   0.0  10.0  51.5   21.30     E
14   9.4  11.5   14.00   7.3    0.30   8.8   0.0  11.4  11.9  51.5    7.00   ESE
15  11.2  12.2   23.30  10.6    0.30   7.2   0.0   3.8  12.4  45.1   13.30    SE
16  11.7  12.7   14.00  10.4   00.00   6.6   0.0   0.2   4.8  19.3    2.30     S
17   9.8  11.2   14.30   6.7   23.30   8.5   0.0   5.4   6.8  43.5   18.00     S
18   7.4   9.3   14.30   5.3   21.00  10.8   0.0   0.0   6.8  43.5   23.00    NW
19   6.6   9.1   14.30   3.3    8.30  11.7   0.0   0.0  12.6  48.3   10.30    NW
20   7.1   9.5   11.30   3.2    6.30  11.2   0.0   0.0   5.8  29.0   23.30     E
21   6.7   8.3    0.30   3.9   21.30  11.6   0.0   2.8   8.9  45.1    8.00     E
22   8.5  10.7   13.30   4.4    2.30   9.8   0.0   0.0   8.9  37.0    7.00     N
23   8.9  11.8   14.30   5.8    7.00   9.4   0.0   0.0   2.7  12.9   11.30   NNE
24  10.7  13.2   14.30   9.0    2.00   7.6   0.0   0.2   5.6  24.1   23.00    SE
25  11.1  12.5   22.00   9.9    7.00   7.2   0.0   0.0  13.8  45.1   21.00   ESE
26  12.2  13.7   14.00  11.6   20.30   6.1   0.0   0.8  15.4  49.9    8.00    SE
27  10.4  12.8   10.30   8.9    0.30   7.9   0.0  19.6   6.8  33.8    0.30     N
28  10.3  12.3   14.30   8.4    6.30   8.0   0.0   0.0  10.6  66.0   22.30     N
29   8.4  10.2   12.00   5.8    5.30   9.8   0.0   0.0  12.1  48.3    0.30     N
30   8.3  10.9   16.00   4.9    7.30  10.0   0.0   0.0   5.0  22.5   19.30   NNE
31   8.2  11.8   14.00   5.4    2.30  10.1   0.0   0.0   3.4  16.1   12.30    NE
-------------------------------------------------------------------------------------
     7.8  13.7    26     0.0     9   326.8   0.0 107.2   8.5  66.0     9       N

Max >=  32.0:  0
Max <=   0.0:  0
Min <=   0.0:  1
Min <= -18.0:  0
Max Rain: 19.61 ON 27/12/12
Days of Rain: 15 (> .2 mm) 12 (> 2 mm) 0 (> 20 mm)
Heat Base:  18.3  Cool Base:  18.3  Method: Integration

Torna Indietro -> Dati Storici – NOAA Report