MONTHLY CLIMATOLOGICAL SUMMARY for APR. 2016

NAME: Meteo Ariccia .it   CITY: Ariccia   STATE: RM 
ELEV:   500 m  LAT:  41° 43' 16" N  LONG:  12° 40' 18" E

                   TEMPERATURE (°C), RAIN  (mm), WIND SPEED (km/hr)

                                      HEAT  COOL        AVG
    MEAN                              DEG   DEG         WIND                 DOM
DAY TEMP  HIGH   TIME   LOW    TIME   DAYS  DAYS  RAIN  SPEED HIGH   TIME    DIR
------------------------------------------------------------------------------------
 1  18.2  20.9   16:00  16.3   00:00   0.5   0.5   0.0   9.7  40.2    9:30   ENE
 2  17.3  22.1   13:30  13.4    7:00   1.5   0.5   0.0   2.4  17.7    7:30   ENE
 3  17.2  21.8   14:00  13.3    3:30   1.8   0.7   0.0   2.9  19.3   22:30   ENE
 4  17.3  21.2   14:30  14.8    8:00   1.5   0.6   0.0   6.6  25.7   14:00   ENE
 5  18.5  22.6   15:30  14.3    0:30   1.0   1.2   0.0   3.5  14.5   14:30   ENE
 6  19.3  23.5   13:00  15.2    7:00   0.8   1.8   0.0   2.9  22.5   14:00   ENE
 7  18.6  23.7   14:00  14.8    6:30   0.9   1.2   0.0   2.3  17.7   18:30   ENE
 8  14.7  17.5   10:00  12.2   22:30   3.6   0.0   0.6   5.6  38.6    4:30   WNW
 9  10.6  12.6    0:30   7.7   22:30   7.7   0.0   0.0   3.9  25.7   17:00   WNW
10  11.1  15.9   16:00   7.3    7:00   7.2   0.0   0.0   6.9  33.8   10:30   WNW
11  12.5  16.9   15:00   8.1    4:30   5.8   0.0   0.0   2.6  24.1   16:30   ENE
12  15.8  20.8   16:30  10.6    4:30   2.8   0.3   0.0   9.3  33.8   23:00   ENE
13  17.7  21.5   14:00  13.5   00:00   1.3   0.7   0.0  11.3  49.9   12:00   ENE
14  14.8  19.9   16:00  11.6    6:30   3.6   0.1   0.0   4.0  29.0   17:30   WNW
15  14.3  18.9   16:00  10.0    4:30   4.0   0.0   0.0   4.5  22.5   10:30   ENE
16  15.8  19.7   13:30  10.9    2:00   2.6   0.2   0.0  11.3  40.2   20:30   ENE
17  18.7  23.8   16:30  15.3   23:00   1.1   1.5   0.0   9.0  40.2    1:00   ENE
18  17.9  21.9   16:00  14.4   00:00   1.0   0.7   0.0   4.8  27.4   12:30   ENE
19  14.6  18.6   18:00  10.1    7:00   3.7   0.0   0.0   6.1  48.3   16:00   WNW
20  14.7  19.7   14:30  10.0    7:30   3.7   0.1   0.0   3.9  29.0   14:00   ENE
21  14.7  18.9   14:00  10.2    5:30   3.6   0.0   0.0   2.3  19.3   16:30   ENE
22  14.4  17.9   15:30  10.8    4:00   3.8   0.0   0.0   3.1  20.9   13:30   ENE
23  12.9  17.0   13:30  10.6    7:00   5.4   0.0   6.2   5.0  40.2   18:00   WNW
24  12.4  16.1   14:00  10.6   20:00   5.9   0.0   5.2   6.3  38.6   18:30   WNW
25   8.6  10.9   16:00   5.0   23:30   9.7   0.0   6.6   7.6  77.2   15:30   WNW
26   8.8  12.4   14:30   4.8    1:30   9.5   0.0   4.2   2.7  20.9   12:30   ENE
27  12.0  14.7   19:00  10.2    2:30   6.3   0.0   0.8   3.1  29.0   14:00   ENE
28  12.7  15.6   16:30  11.3    0:30   5.6   0.0   1.2   5.0  30.6    6:30   ENE
29  15.8  19.8   14:30  12.0   00:00   2.7   0.2   0.0   4.7  29.0   15:00   WNW
30  15.2  19.3   15:30  11.4   00:00   3.2   0.1   5.2   4.3  19.3    6:00   ENE
-------------------------------------------------------------------------------------
    14.9  23.8    17     4.8    26   112.2  10.3  30.0   5.2  77.2    25     ENE

Max >=  32.0:  0
Max <=   0.0:  0
Min <=   0.0:  0
Min <= -18.0:  0
Max Rain: 6.60 ON 25/04/16
Days of Rain: 8 (> .2 mm) 5 (> 2 mm) 0 (> 20 mm)
Heat Base:  18.3  Cool Base:  18.3  Method: Integration

Torna Indietro -> Dati Storici – NOAA Report