NOAA Report Aprile 2013

                   MONTHLY CLIMATOLOGICAL SUMMARY for APR. 2013

NAME: Meteo Ariccia .it   CITY: Ariccia   STATE: RM 
ELEV:   500 m  LAT:  41° 43' 16" N  LONG:  12° 40' 18" E

                   TEMPERATURE (°C), RAIN  (mm), WIND SPEED (km/hr)

                                      HEAT  COOL        AVG
    MEAN                              DEG   DEG         WIND                 DOM
DAY TEMP  HIGH   TIME   LOW    TIME   DAYS  DAYS  RAIN  SPEED HIGH   TIME    DIR
------------------------------------------------------------------------------------
 1   9.8  12.7   13.00   8.2    4.30   8.6   0.0  12.4  11.9  49.9   21.30    SE
 2   9.7  11.6    2.30   7.9   21.00   8.6   0.0  38.4   8.0  40.2    0.30    NW
 3   9.7  13.9   16.00   7.3    4.30   8.6   0.0   0.2   5.8  27.4   15.30    NW
 4  11.7  15.6   22.30   7.3    0.30   6.6   0.0   0.0  13.5  64.4   21.00     E
 5  10.7  14.6    0.30   9.3   22.00   7.6   0.0   3.2  10.3  75.6    1.00    SW
 6  12.2  15.9   16.30   8.8    5.00   6.1   0.0   0.2   6.1  25.7   14.00     S
 7  13.2  17.0   16.00   8.2   00.00   5.1   0.0   0.0   8.7  38.6   18.30   NNE
 8  10.1  14.7   14.30   5.8    7.00   8.2   0.0   0.0   9.2  38.6    3.30    NW
 9  11.4  14.7   14.00   9.2    2.00   6.8   0.0   0.2   7.9  33.8   23.00     S
10  12.2  15.8   13.30  10.4   00.00   6.1   0.0   0.0   9.8  38.6    3.00     E
11  12.7  16.6   15.00   9.9    6.30   5.6   0.0   0.0   8.2  32.2   00.00     E
12  12.9  15.7   13.30  10.6    5.00   5.4   0.0   0.0  16.7  56.3    9.30     E
13  14.4  19.2   15.00  10.9    7.00   3.9   0.0   0.2   6.9  27.4   17.30     E
14  16.3  20.0   16.00  13.0    0.30   2.3   0.3   0.0   5.6  25.7   13.00     N
15  16.9  20.6   14.00  13.4   00.00   1.8   0.5   0.0   4.8  29.0   14.30    NE
16  16.7  21.2   13.30  12.7    6.30   1.9   0.4   0.0   4.5  20.9   16.00   NNE
17  17.1  21.0   13.30  14.3   23.00   1.7   0.5   0.0   5.5  30.6    5.00     S
18  17.6  22.2   15.30  12.7    4.00   1.7   1.0   0.0   4.3  24.1   13.00   NNE
19  17.8  21.9   13.30  14.7    7.00   1.0   0.6   0.0   4.8  22.5   16.00     S
20  12.6  14.9    0.30   9.4   23.30   5.7   0.0   0.2   5.1  27.4    6.00    SE
21  11.2  14.9   13.00   8.5   00.00   7.1   0.0   2.0   6.6  27.4   15.30   ESE
22   8.9  11.0   11.00   7.6    8.00   9.4   0.0  13.8   9.2  35.4   16.00     E
23  12.3  16.1   18.00   8.7    2.00   6.0   0.0   0.0   5.5  24.1   13.00     E
24  17.9  22.6   14.30  13.1    3.00   1.5   1.1   0.0   5.8  22.5   13.30    NE
25  19.8  23.8   16.00  15.8    6.00   0.4   1.9   0.0   5.6  24.1    7.30     S
26  17.3  19.8   10.30  14.5   21.00   1.2   0.2   3.0   8.5  46.7   18.00    SE
27  13.9  15.2   10.00  13.0   18.30   4.4   0.0   1.4  14.5  54.7   13.30    SE
28  17.7  22.4   17.00  12.4    5.30   2.0   1.4   0.0  11.1  35.4    1.00    SE
29  22.7  26.2   14.00  20.4    4.00   0.0   4.4   0.0  13.4  46.7    6.30    SE
30  22.5  26.9   13.30  18.4    2.00   0.0   4.2   0.0  10.3  43.5    9.30     E
-------------------------------------------------------------------------------------
    14.3  26.9    30     5.8     8   135.3  16.4  75.2   8.3  75.6     5       E

Max >=  32.0:  0
Max <=   0.0:  0
Min <=   0.0:  0
Min <= -18.0:  0
Max Rain: 38.40 ON 02/04/13
Days of Rain: 12 (> .2 mm) 6 (> 2 mm) 1 (> 20 mm)
Heat Base:  18.3  Cool Base:  18.3  Method: Integration

Torna Indietro -> Dati Storici – NOAA Report