NOAA Report Agosto 2017

                   MONTHLY CLIMATOLOGICAL SUMMARY for JUL. 2017

NAME: Meteo Ariccia .it   CITY: Ariccia   STATE: RM 
ELEV:   500 m  LAT:  41° 43' 16" N  LONG:  12° 40' 18" E

                   TEMPERATURE (°C), RAIN  (mm), WIND SPEED (km/hr)

                                      HEAT  COOL        AVG
    MEAN                              DEG   DEG         WIND                 DOM
DAY TEMP  HIGH   TIME   LOW    TIME   DAYS  DAYS  RAIN  SPEED HIGH   TIME    DIR
------------------------------------------------------------------------------------
 1  19.6  25.2   16:30  15.5    4:00   0.6   2.0   1.2   6.4  33.8    1:00   WNW
 2  20.6  25.2   14:00  16.6    6:30   0.1   2.4   0.0   6.4  38.6   16:00   WNW
 3  22.8  28.1   13:30  16.4    4:00   0.2   4.7   0.0   2.7  22.5    5:00   WNW
 4  23.8  27.7   12:30  19.3    6:00   0.0   5.5   0.0   3.1  24.1   13:00   ENE
 5  25.8  30.9   14:30  20.4    5:30   0.0   7.5   0.0   4.8  30.6   15:00   WNW
 6  26.6  31.3   14:00  22.6    3:30   0.0   8.3   0.0   4.8  35.4   15:00   WNW
 7  27.2  31.8   15:00  22.2    6:30   0.0   8.9   0.0   4.2  27.4   14:30   WNW
 8  26.9  31.1   13:30  22.2   00:00   0.0   8.6   0.0   2.6  24.1   14:00   WNW
 9  26.3  31.3   14:30  21.6    1:30   0.0   8.0   0.0   2.6  22.5   13:30   ENE
10  25.8  30.4   15:00  22.0   00:00   0.0   7.5   0.0   6.8  29.0   10:30   ENE
11  25.6  30.7   15:30  20.1    4:00   0.0   7.3   0.0   4.2  22.5   14:00   ENE
12  25.7  29.8   17:30  20.2    4:00   0.0   7.4   0.0   4.7  22.5   14:30   ENE
13  26.5  30.4   12:30  21.0   00:00   0.0   8.2   0.0   2.9  24.1   12:30   WNW
14  24.6  28.7   14:30  20.7    6:30   0.0   6.0   0.0   2.9  25.7   18:00   ENE
15  24.2  28.0   18:00  19.3    5:00   0.0   5.9   0.0   3.7  22.5   17:00   WNW
16  23.3  27.7   16:00  19.6    5:30   0.0   4.4   0.0   3.1  25.7   10:30   ENE
17  22.8  28.3   14:30  18.3    5:30   0.0   4.3   0.0   4.7  22.5    1:30   WNW
18  23.6  27.4   15:30  19.6   23:00   0.0   5.1   0.0   4.0  24.1   17:30   ENE
19  23.8  28.1   12:30  19.7    4:00   0.0   4.4   0.0   2.4  22.5   13:00   WNW
20  23.3  28.6   16:00  18.1    6:00   0.0   5.1   0.0   2.6  22.5   13:00   WNW
21  24.8  31.2   15:00  18.5    5:30   0.0   6.4   0.0   3.4  22.5   22:00   ENE
22  25.7  30.2   15:00  21.9   00:00   0.0   7.2   0.0   5.5  29.0   16:00   ENE
23  25.4  30.2   17:30  18.8    6:00   0.0   7.1   0.0   2.9  24.1   13:30   ENE
24  23.6  26.1   15:30  20.6   00:00   0.0   4.4   0.0   4.5  32.2   14:30   ENE
25  21.8  26.7   19:00  19.7    6:30   0.0   3.0   0.0   2.7  29.0   16:00   ENE
26  20.4  24.9   11:00  17.4    6:00   0.0   0.7   0.0   1.1  14.5   11:00   ENE
27  24.2  26.2   12:30  20.7   00:00   0.0   3.6   0.0   6.6  30.6   14:30   WNW
28  22.0  26.2   18:00  17.7    6:30   0.0   3.8   0.0   2.7  20.9   14:30   WNW
29  23.6  28.9   14:00  18.2    3:00   0.0   5.3   0.0   2.7  24.1   14:00   ENE
30  25.5  30.3   16:00  20.4    7:00   0.0   7.2   0.0   2.9  25.7   15:00   WNW
31  27.1  33.1   15:30  22.0    5:00   0.0   8.8   0.0   2.9  19.3   14:00   ENE
-------------------------------------------------------------------------------------
    24.3  33.1    31    15.5     1     1.0 178.9   1.2   3.8  38.6     2     ENE

Max >=  32.0:  1
Max <=   0.0:  0
Min <=   0.0:  0
Min <= -18.0:  0
Max Rain: 1.19 ON 01/07/17
Days of Rain: 1 (> .2 mm) 0 (> 2 mm) 0 (> 20 mm)
Heat Base:  18.3  Cool Base:  18.3  Method: Integration

Torna Indietro -> Dati Storici – NOAA Report