NOAA Report Agosto 2016

                   MONTHLY CLIMATOLOGICAL SUMMARY for AUG. 2016

NAME: Meteo Ariccia .it   CITY: Ariccia   STATE: RM 
ELEV:   500 m  LAT:  41° 43' 16" N  LONG:  12° 40' 18" E

                   TEMPERATURE (°C), RAIN  (mm), WIND SPEED (km/hr)

                                      HEAT  COOL        AVG
    MEAN                              DEG   DEG         WIND                 DOM
DAY TEMP  HIGH   TIME   LOW    TIME   DAYS  DAYS  RAIN  SPEED HIGH   TIME    DIR
------------------------------------------------------------------------------------
 1  23.6  27.4   12:30  20.4   23:00   0.0   5.3   0.0   6.3  32.2   18:00   ENE
 2  23.6  28.1   17:30  19.2    4:00   0.0   5.2   0.0   2.9  25.7   15:30   ENE
 3  24.6  29.1   16:30  19.7    7:00   0.0   6.3   0.0   3.1  27.4   17:00   WNW
 4  24.9  29.7   14:00  20.2    6:30   0.0   6.6   0.0   2.3  17.7   14:30   ENE
 5  23.5  28.1   13:00  20.0    6:30   0.0   4.9   0.0   2.3  25.7   17:00   ENE
 6  22.1  26.3   17:30  17.7    7:30   0.0   3.6   0.0   2.4  27.4   16:30   WNW
 7  24.0  29.9   15:30  18.9    2:00   0.0   5.7   0.0   3.4  30.6    7:30   WNW
 8  23.4  27.5   13:00  18.8    7:00   0.0   4.5   0.0   2.6  24.1   14:30   WNW
 9  23.5  28.6   14:30  19.2    3:30   0.0   5.2   0.0   3.2  27.4   14:30   ENE
10  22.2  27.3   14:30  17.1   00:00   0.0   3.9   0.0   3.1  24.1   12:30   ENE
11  21.0  25.9   16:30  15.8    2:30   0.5   3.2   0.0   4.2  35.4   18:00   WNW
12  20.3  25.6   15:30  16.3    7:00   0.3   2.4   0.0   3.5  33.8   17:00   ENE
13  20.4  25.5   14:00  15.2    7:00   0.4   2.6   0.0   4.0  35.4   14:30   ENE
14  21.8  26.4   14:30  17.6    1:00   0.0   3.5   0.0   3.5  19.3   15:30   ENE
15  23.0  27.1   13:00  19.0    1:30   0.0   4.7   0.0   2.6  22.5   14:30   WNW
16  22.8  27.5   14:30  18.6    4:00   0.0   4.5   0.0   3.1  30.6   13:30   WNW
17  21.6  25.6   13:30  18.8   23:30   0.0   3.3   0.0   1.1  16.1   16:00   WNW
18  21.7  26.1   16:30  17.6    6:30   0.1   3.4   0.0   1.3  19.3   16:30   ENE
19  21.9  27.1   14:30  17.9    6:00   0.0   3.6   0.2   1.8  24.1   13:00    NE
20  23.1  28.1   14:00  18.1    5:30   0.0   4.8   0.0   1.8  20.9   15:30   ENE
21  23.6  28.3   15:30  19.2    6:00   0.0   5.3   0.0   2.3  19.3   12:30   ENE
22  23.1  28.2   13:30  17.3    7:00   0.1   4.9   0.0   2.6  22.5   23:00   WNW
23  22.8  29.2   17:30  18.3    6:30   0.0   4.5   0.0   4.8  25.7    3:30   NNE
24  23.0  28.1   13:30  17.9    5:30   0.0   4.7   0.0   2.9  24.1   14:30   ENE
25  24.5  29.4   14:00  19.9    7:00   0.0   6.2   0.0   3.4  24.1   15:30   ENE
26  24.4  28.7   15:30  20.1    4:00   0.0   6.1   0.0   3.5  29.0   15:30   ENE
27  25.1  29.3   12:00  20.2    7:00   0.0   6.8   0.0   2.4  22.5   16:00   WNW
28  24.7  28.8   13:30  20.9   23:00   0.0   6.4   0.0   3.2  33.8   14:30   NNE
29  22.4  27.3   13:30  17.8    6:30   0.0   4.1   0.0   2.7  22.5   16:00   ENE
30  22.7  28.2   16:00  18.4    6:00   0.0   4.3   0.0   2.1  20.9   22:30   ENE
31  21.0  25.6   16:30  17.4   13:00   0.0   2.7   7.0   1.3  25.7    2:00   ENE
-------------------------------------------------------------------------------------
    22.9  29.9     7    15.2    13     1.5 143.1   7.2   2.9  35.4    11     ENE

Max >=  32.0:  0
Max <=   0.0:  0
Min <=   0.0:  0
Min <= -18.0:  0
Max Rain: 7.01 ON 31/08/16
Days of Rain: 2 (> .2 mm) 1 (> 2 mm) 0 (> 20 mm)
Heat Base:  18.3  Cool Base:  18.3  Method: Integration

Torna Indietro -> Dati Storici – NOAA Report