NOAA Report Agosto 2015

                   MONTHLY CLIMATOLOGICAL SUMMARY for AUG. 2015

NAME: Meteo Ariccia .it   CITY: Ariccia   STATE: RM 
ELEV:   500 m  LAT:  41° 43' 16" N  LONG:  12° 40' 18" E

                   TEMPERATURE (°C), RAIN  (mm), WIND SPEED (km/hr)

                                      HEAT  COOL        AVG
    MEAN                              DEG   DEG         WIND                 DOM
DAY TEMP  HIGH   TIME   LOW    TIME   DAYS  DAYS  RAIN  SPEED HIGH   TIME    DIR
------------------------------------------------------------------------------------
 1  26.1  31.8   13:00  22.2    6:30   0.0   7.8   0.0   2.9  20.9   14:30   ENE
 2  26.3  31.4   16:00  21.0    6:00   0.0   8.0   0.0   2.9  19.3   13:30   ENE
 3  26.2  30.3   15:00  21.7    7:30   0.0   7.9   0.0   3.1  24.1   16:30   ENE
 4  26.5  30.4   15:00  21.7    7:00   0.0   8.2   0.0   4.0  29.0   16:30   ENE
 5  27.4  31.7   14:00  22.7    7:30   0.0   6.3   0.0   2.6  20.9   13:30   ENE
 6
 7
 8  29.4  32.6   13:30  25.7   00:00   0.0   6.7   0.0   5.6  30.6   16:30   ENE
 9  26.9  31.8   15:00  22.7    6:00   0.0   8.6   0.0   3.1  24.1   23:30   WNW
10  22.7  27.2   11:00  18.4   12:00   0.0   4.4  23.6   4.0  29.0   11:30   ENE
11  21.1  26.9   14:00  17.7    4:00   0.0   2.9  10.8   4.8  37.0    5:30   ENE
12  24.8  30.8   16:30  18.8    5:30   0.0   6.3   0.0   4.2  25.7   17:30   WNW
13  28.1  32.6   16:30  22.4    6:30   0.0   9.8   0.0   3.9  32.2   17:00   WNW
14  26.3  31.4   13:30  22.4   00:00   0.0   8.0   0.0   2.4  17.7   15:00    NE
15  22.8  26.6   16:00  20.0   00:00   0.0   4.5   1.6   2.1  17.7   15:00   ENE
16  19.9  22.4   16:30  16.9   00:00   0.1   1.7   4.4   1.6  19.3   19:00   ENE
17  19.9  24.4   17:30  15.6    6:30   0.5   2.2   0.0   2.9  25.7   16:00   WNW
18  21.4  26.3   15:30  16.9    3:30   0.2   3.4   0.0   2.6  20.9   15:30   ENE
19  19.9  24.1   15:00  16.3   10:00   0.2   1.9  37.4   3.4  30.6    9:00   ENE
20  20.4  24.2   14:00  15.8    6:30   0.4   2.5   0.2   2.9  24.1   16:30   WNW
21  21.7  26.6   15:30  17.1    6:30   0.1   3.5   0.0   4.2  29.0   17:30   WNW
22  20.9  25.7   17:00  16.1    6:30   0.3   2.9   0.0   1.8  16.1   10:30   ENE
23  21.2  26.3   15:00  16.6    6:30   0.3   3.1   0.0   3.7  20.9   00:00   ENE
24  22.2  24.6   13:30  19.7    5:00   0.0   3.9   0.2  10.3  40.2   10:00   ENE
25  23.1  26.5   13:00  19.7   23:30   0.0   4.0   0.0   4.5  29.0    1:30   ENE
26  22.6  27.2   15:30  17.1    6:30   0.1   3.6   0.0   1.9  19.3   14:30   ENE
27  22.6  27.9   14:30  17.7    6:00   0.0   4.3   0.0   2.7  19.3   14:30   ENE
28  22.7  27.4   13:00  17.4    7:00   0.1   4.5   0.0   1.9  17.7   11:00   ENE
29  25.1  30.4   13:30  19.6    4:00   0.0   6.8   0.0   2.4  17.7   15:00   ENE
30  26.8  31.2   14:00  21.8    7:00   0.0   8.6   0.0   3.4  22.5   15:00   ENE
31  26.8  30.9   13:00  21.8    7:00   0.0   5.9   0.0   1.9  22.5   17:00   WNW
-------------------------------------------------------------------------------------
    23.9  32.6     8    15.6    17     2.4 151.9  78.2   3.4  40.2    24     ENE

Max >=  32.0:  2
Max <=   0.0:  0
Min <=   0.0:  0
Min <= -18.0:  0
Max Rain: 37.39 ON 19/08/15
Days of Rain: 7 (> .2 mm) 4 (> 2 mm) 2 (> 20 mm)
Heat Base:  18.3  Cool Base:  18.3  Method: Integration

Torna Indietro -> Dati Storici – NOAA Report