NOAA Report Agosto 2013

                   MONTHLY CLIMATOLOGICAL SUMMARY for AUG. 2013

NAME: Meteo Ariccia .it   CITY: Ariccia   STATE: RM 
ELEV:   500 m  LAT:  41° 43' 16" N  LONG:  12° 40' 18" E

                   TEMPERATURE (°C), RAIN  (mm), WIND SPEED (km/hr)

                                      HEAT  COOL        AVG
    MEAN                              DEG   DEG         WIND                 DOM
DAY TEMP  HIGH   TIME   LOW    TIME   DAYS  DAYS  RAIN  SPEED HIGH   TIME    DIR
------------------------------------------------------------------------------------
 1  25.9  30.9   14.00  21.2   00.00   0.0   7.7   0.0   6.9  32.2    0.30    NE
 2  26.2  30.3   16.00  20.6    2.30   0.0   7.9   0.0   5.3  20.9   11.30    NE
 3  28.1  31.9   14.00  25.3    0.30   0.0   9.8   0.0   6.9  24.1    5.30     N
 4  29.4  33.8   16.00  26.3    7.00   0.0  11.2   0.0   9.3  29.0    4.30     N
 5  29.5  35.0   15.00  24.1    7.30   0.0  11.2   0.0   6.6  25.7    3.30   NNE
 6  28.9  33.3   19.00  23.9    6.30   0.0  10.6   0.0   6.6  20.9   12.00   NNE
 7  28.7  34.0   14.30  23.8    6.00   0.0  10.4   0.0   5.8  20.9   14.30   NNE
 8  29.6  34.2   14.00  25.1    0.30   0.0  11.3   0.0   5.3  22.5   15.00    NE
 9  24.6  29.3    5.30  21.2    7.00   0.0   6.2   0.2   8.5  45.1    6.30     N
10  24.2  28.8   14.00  19.6    3.30   0.0   5.9   0.0   4.7  20.9   14.30     N
11  24.3  28.9   14.00  19.9    7.00   0.0   6.0   0.0   5.5  24.1   14.00   NNE
12  24.6  28.8   13.30  19.4    6.30   0.0   6.3   0.0   5.6  22.5   15.00   NNE
13  24.1  29.2   13.30  18.9    7.00   0.0   5.7   0.0   5.1  24.1   15.00   NNE
14  24.4  28.7   13.30  20.2    5.00   0.0   6.2   0.0   5.5  24.1   14.30   NNE
15  24.8  28.9   14.30  20.7    6.30   0.0   6.5   0.0   5.0  24.1   16.30   NNE
16  24.8  28.4   18.00  20.8    6.30   0.0   6.5   0.0   6.0  22.5   16.30   NNE
17  24.6  29.6   14.00  19.8    6.00   0.0   6.2   0.0   5.6  27.4   14.30   NNE
18  24.1  29.2   14.00  19.1    7.30   0.0   5.8   0.0   5.6  27.4   14.30   NNE
19  23.9  29.6   14.00  19.2    6.00   0.0   5.7   0.0   6.8  27.4    2.30   NNE
20  21.6  25.6   12.30  16.7   13.00   0.0   3.3   9.2   5.5  40.2   13.00     N
21  23.4  28.1   15.30  18.2    5.00   0.0   5.1   0.0   6.3  27.4   14.30    NE
22  23.5  27.7   13.30  19.2    7.00   0.0   5.2   0.0   5.8  24.1   14.00   NNE
23  23.5  28.6   13.30  18.8    7.00   0.0   5.2   0.0   5.6  25.7   15.00   NNE
24  22.8  27.3   13.30  18.4    6.00   0.0   4.5   0.0   5.8  30.6   15.00   NNE
25  20.7  23.7   13.00  17.4    8.30   0.0   2.4  64.6  10.3  48.3    8.00    SE
26  21.3  24.9   17.00  18.4    2.00   0.0   3.0   0.2   5.3  25.7   14.30     S
27  20.3  23.7   17.30  18.1    1.30   0.0   2.1  33.8   6.0  30.6   15.30   NNE
28  20.3  23.6   18.00  18.2    7.00   0.0   2.1   0.4   2.6  19.3   14.30    NE
29  20.8  24.8   15.00  17.8    5.00   0.1   2.6   0.0   3.5  22.5   13.30    NE
30  20.9  25.3   15.30  16.6    6.30   0.2   2.8   0.0   4.7  22.5   12.30   NNE
31  21.6  25.1   16.30  18.0    7.00   0.0   3.2   0.0   5.5  22.5   14.00   NNE
-------------------------------------------------------------------------------------
    24.4  35.0     5    16.6    30     0.3 188.4 108.4   5.9  48.3    25     NNE

Max >=  32.0:  5
Max <=   0.0:  0
Min <=   0.0:  0
Min <= -18.0:  0
Max Rain: 64.59 ON 25/08/13
Days of Rain: 6 (> .2 mm) 3 (> 2 mm) 2 (> 20 mm)
Heat Base:  18.3  Cool Base:  18.3  Method: Integration

Torna Indietro -> Dati Storici – NOAA Report